Last updated on 2025-10-11 18:48:37 CEST.
Flavor | Version | Tinstall | Tcheck | Ttotal | Status | Flags |
---|---|---|---|---|---|---|
r-devel-linux-x86_64-debian-clang | 0.1.0 | 12.79 | 1257.56 | 1270.35 | OK | |
r-devel-linux-x86_64-debian-gcc | 0.1.0 | 8.44 | 705.91 | 714.35 | OK | |
r-devel-linux-x86_64-fedora-clang | 0.1.0 | 2142.33 | ERROR | |||
r-devel-linux-x86_64-fedora-gcc | 0.1.0 | 2167.49 | OK | |||
r-devel-windows-x86_64 | 0.1.0 | 16.00 | 941.00 | 957.00 | OK | |
r-patched-linux-x86_64 | 0.1.0 | 15.00 | 1146.87 | 1161.87 | OK | |
r-release-linux-x86_64 | 0.1.0 | 11.98 | 1149.80 | 1161.78 | OK | |
r-release-macos-arm64 | 0.1.0 | 272.00 | OK | |||
r-release-macos-x86_64 | 0.1.0 | 490.00 | OK | |||
r-release-windows-x86_64 | 0.1.0 | 16.00 | 949.00 | 965.00 | OK | |
r-oldrel-macos-arm64 | 0.1.0 | 289.00 | OK | |||
r-oldrel-macos-x86_64 | 0.1.0 | 518.00 | OK | |||
r-oldrel-windows-x86_64 | 0.1.0 | 21.00 | 1364.00 | 1385.00 | OK |
Version: 0.1.0
Check: re-building of vignette outputs
Result: ERROR
Error(s) in re-building vignettes:
Warning: elapsed-time limit of 1 hours reached for sub-process
--- re-building ‘V1_Quick_start.Rmd’ using rmarkdown
Quitting from V1_Quick_start.Rmd:530-532 [unnamed-chunk-55]
Execution halted
--- re-building ‘V2_GME_framework.Rmd’ using rmarkdown
[WARNING] Deprecated: --highlight-style. Use --syntax-highlighting instead.
--- finished re-building ‘V2_GME_framework.Rmd’
--- re-building ‘V3_GCE_framework.Rmd’ using rmarkdown
[WARNING] Deprecated: --highlight-style. Use --syntax-highlighting instead.
--- finished re-building ‘V3_GCE_framework.Rmd’
--- re-building ‘V4_Optimization.Rmd’ using rmarkdown
[WARNING] Deprecated: --highlight-style. Use --syntax-highlighting instead.
--- finished re-building ‘V4_Optimization.Rmd’
--- re-building ‘V5_Choosing_Supports.Rmd’ using rmarkdown
[WARNING] Deprecated: --highlight-style. Use --syntax-highlighting instead.
--- finished re-building ‘V5_Choosing_Supports.Rmd’
--- re-building ‘V6_Two_steps_ME_estimation.Rmd’ using rmarkdown
[WARNING] Deprecated: --highlight-style. Use --syntax-highlighting instead.
--- finished re-building ‘V6_Two_steps_ME_estimation.Rmd’
--- re-building ‘V7_Further_Considerations.Rmd’ using rmarkdown
[WARNING] Deprecated: --highlight-style. Use --syntax-highlighting instead.
--- finished re-building ‘V7_Further_Considerations.Rmd’
SUMMARY: processing the following file failed:
‘V1_Quick_start.Rmd’
Error: Vignette re-building failed.
Execution halted
Flavor: r-devel-linux-x86_64-fedora-clang