Last updated on 2024-04-19 19:50:14 CEST.
Flavor | Version | Tinstall | Tcheck | Ttotal | Status | Flags |
---|---|---|---|---|---|---|
r-devel-linux-x86_64-debian-clang | 2.9.4 | 269.93 | 135.12 | 405.05 | NOTE | |
r-devel-linux-x86_64-debian-gcc | 2.9.4 | NOTE | ||||
r-devel-linux-x86_64-fedora-clang | 2.9.4 | 582.97 | NOTE | |||
r-devel-linux-x86_64-fedora-gcc | 2.9.4 | 587.72 | NOTE | |||
r-prerel-macos-arm64 | 2.9.4 | 113.00 | NOTE | |||
r-prerel-windows-x86_64 | 2.9.4 | 201.00 | 143.00 | 344.00 | NOTE | |
r-patched-linux-x86_64 | 2.9.4 | 178.26 | 123.06 | 301.32 | NOTE | |
r-release-linux-x86_64 | 2.9.4 | 196.42 | 125.24 | 321.66 | OK | |
r-release-macos-arm64 | 2.9.4 | 103.00 | NOTE | |||
r-release-macos-x86_64 | 2.9.4 | 181.00 | NOTE | |||
r-release-windows-x86_64 | 2.9.4 | 262.00 | 170.00 | 432.00 | OK | |
r-oldrel-macos-arm64 | 2.9.4 | 102.00 | NOTE | |||
r-oldrel-windows-x86_64 | 2.9.4 | 254.00 | 155.00 | 409.00 | OK |
Version: 2.9.4
Check: Rd files
Result: NOTE
checkRd: (-1) GMSCDM.Rd:25: Lost braces; missing escapes or markup?
25 | representing restricted GMS-DINA and GMS-DINO models where delta_{jm1} are equal for all strategies. Note that only a single model can be used
| ^
Flavors: r-devel-linux-x86_64-debian-clang, r-devel-linux-x86_64-debian-gcc, r-devel-linux-x86_64-fedora-clang, r-devel-linux-x86_64-fedora-gcc, r-prerel-macos-arm64, r-prerel-windows-x86_64, r-patched-linux-x86_64
Version: 2.9.4
Check: installed package size
Result: NOTE
installed size is 12.9Mb
sub-directories of 1Mb or more:
libs 11.9Mb
Flavors: r-prerel-macos-arm64, r-release-macos-arm64, r-release-macos-x86_64, r-oldrel-macos-arm64