CRAN Package Check Results for Package GFD

Last updated on 2018-07-19 18:49:20 CEST.

Flavor Version Tinstall Tcheck Ttotal Status Flags
r-devel-linux-x86_64-debian-clang 0.2.5 1.74 38.32 40.06 OK
r-devel-linux-x86_64-debian-gcc 0.2.5 1.62 34.09 35.71 OK
r-devel-linux-x86_64-fedora-clang 0.2.5 54.70 OK
r-devel-linux-x86_64-fedora-gcc 0.2.5 53.26 OK
r-devel-windows-ix86+x86_64 0.2.5 4.00 74.00 78.00 OK
r-patched-linux-x86_64 0.2.5 2.02 41.01 43.03 OK
r-patched-solaris-x86 0.2.5 76.60 OK
r-release-linux-x86_64 0.2.5 1.99 40.85 42.84 OK
r-release-windows-ix86+x86_64 0.2.5 6.00 80.00 86.00 OK
r-release-osx-x86_64 0.2.5 WARN
r-oldrel-windows-ix86+x86_64 0.2.5 4.00 59.00 63.00 OK
r-oldrel-osx-x86_64 0.2.5 WARN

Check Details

Version: 0.2.5
Check: package dependencies
Result: NOTE
    Package suggested but not available for checking: ‘RGtk2’
Flavors: r-release-osx-x86_64, r-oldrel-osx-x86_64

Version: 0.2.5
Check: re-building of vignette outputs
Result: WARN
    Error in re-building vignettes:
     ...
    Warning in engine$weave(file, quiet = quiet, encoding = enc) :
     Pandoc (>= 1.12.3) and/or pandoc-citeproc not available. Falling back to R Markdown v1.
    Quitting from lines 106-107 (IntroductionToGFD.Rmd)
    Error: processing vignette 'IntroductionToGFD.Rmd' failed with diagnostics:
    there is no package called 'RGtk2'
    Execution halted
Flavors: r-release-osx-x86_64, r-oldrel-osx-x86_64