CRAN Package Check Results for Package GFD

Last updated on 2018-09-21 18:46:42 CEST.

Flavor Version Tinstall Tcheck Ttotal Status Flags
r-devel-linux-x86_64-debian-clang 0.2.5 1.99 44.36 46.35 OK
r-devel-linux-x86_64-debian-gcc 0.2.5 1.33 34.77 36.10 OK
r-devel-linux-x86_64-fedora-clang 0.2.5 55.47 OK
r-devel-linux-x86_64-fedora-gcc 0.2.5 53.19 OK
r-devel-windows-ix86+x86_64 0.2.5 6.00 82.00 88.00 OK
r-patched-linux-x86_64 0.2.5 2.03 40.57 42.60 OK
r-patched-solaris-x86 0.2.5 71.90 OK
r-release-linux-x86_64 0.2.5 1.80 40.57 42.37 OK
r-release-windows-ix86+x86_64 0.2.5 6.00 90.00 96.00 OK
r-release-osx-x86_64 0.2.5 WARN
r-oldrel-windows-ix86+x86_64 0.2.5 2.00 55.00 57.00 OK
r-oldrel-osx-x86_64 0.2.5 WARN

Check Details

Version: 0.2.5
Check: package dependencies
Result: NOTE
    Package suggested but not available for checking: ‘RGtk2’
Flavors: r-release-osx-x86_64, r-oldrel-osx-x86_64

Version: 0.2.5
Check: re-building of vignette outputs
Result: WARN
    Error in re-building vignettes:
     ...
    Warning in engine$weave(file, quiet = quiet, encoding = enc) :
     Pandoc (>= 1.12.3) and/or pandoc-citeproc not available. Falling back to R Markdown v1.
    Quitting from lines 106-107 (IntroductionToGFD.Rmd)
    Error: processing vignette 'IntroductionToGFD.Rmd' failed with diagnostics:
    there is no package called 'RGtk2'
    Execution halted
Flavors: r-release-osx-x86_64, r-oldrel-osx-x86_64