Last updated on 2024-03-28 17:49:29 CET.
Flavor | Version | Tinstall | Tcheck | Ttotal | Status | Flags |
---|---|---|---|---|---|---|
r-devel-linux-x86_64-debian-clang | 0.1.3 | 5.58 | 65.96 | 71.54 | OK | |
r-devel-linux-x86_64-debian-gcc | 0.1.3 | 5.54 | 47.53 | 53.07 | OK | |
r-devel-linux-x86_64-fedora-clang | 0.1.3 | 88.44 | NOTE | |||
r-devel-linux-x86_64-fedora-gcc | 0.1.3 | 85.30 | OK | |||
r-devel-windows-x86_64 | 0.1.3 | 8.00 | 66.00 | 74.00 | OK | |
r-patched-linux-x86_64 | 0.1.3 | 7.13 | 60.80 | 67.93 | OK | |
r-release-linux-x86_64 | 0.1.3 | 5.99 | 62.73 | 68.72 | OK | |
r-release-macos-arm64 | 0.1.3 | 31.00 | OK | |||
r-release-macos-x86_64 | 0.1.3 | 43.00 | OK | |||
r-release-windows-x86_64 | 0.1.3 | 10.00 | 76.00 | 86.00 | OK | |
r-oldrel-macos-arm64 | 0.1.3 | 30.00 | OK | |||
r-oldrel-windows-x86_64 | 0.1.3 | 10.00 | 80.00 | 90.00 | OK |
Version: 0.1.3
Check: Rd cross-references
Result: NOTE
Undeclared package ‘gge’ in Rd xrefs
Flavor: r-devel-linux-x86_64-fedora-clang