Last updated on 2025-11-23 05:50:18 CET.
| Flavor | Version | Tinstall | Tcheck | Ttotal | Status | Flags |
|---|---|---|---|---|---|---|
| r-devel-linux-x86_64-debian-clang | 1.15.8 | 27.16 | 225.82 | 252.98 | NOTE | |
| r-devel-linux-x86_64-debian-gcc | 1.15.8 | 18.05 | 141.59 | 159.64 | NOTE | |
| r-devel-linux-x86_64-fedora-clang | 1.15.8 | 58.00 | 337.93 | 395.93 | OK | |
| r-devel-windows-x86_64 | 1.15.8 | 25.00 | 175.00 | 200.00 | OK | |
| r-patched-linux-x86_64 | 1.15.8 | 25.34 | 219.57 | 244.91 | OK | |
| r-release-linux-x86_64 | 1.15.8 | 26.09 | 218.16 | 244.25 | OK | |
| r-release-macos-arm64 | 1.15.8 | OK | ||||
| r-release-macos-x86_64 | 1.15.8 | 22.00 | 166.00 | 188.00 | OK | |
| r-release-windows-x86_64 | 1.15.8 | 25.00 | 184.00 | 209.00 | OK | |
| r-oldrel-macos-arm64 | 1.15.8 | OK | ||||
| r-oldrel-macos-x86_64 | 1.15.8 | 16.00 | 119.00 | 135.00 | OK | |
| r-oldrel-windows-x86_64 | 1.15.8 | 35.00 | 242.00 | 277.00 | OK |
Version: 1.15.8
Check: CRAN incoming feasibility
Result: NOTE
Maintainer: ‘Subhadip Datta <subhadipdatta007@gmail.com>’
No Authors@R field in DESCRIPTION.
Please add one, modifying
Authors@R: person(given = "Subhadip",
family = "Datta",
role = c("aut", "cre"),
email = "subhadipdatta007@gmail.com")
as necessary.
Flavors: r-devel-linux-x86_64-debian-clang, r-devel-linux-x86_64-debian-gcc