CRAN Package Check Results for Package GLMcat

Last updated on 2025-06-30 18:49:42 CEST.

Flavor Version Tinstall Tcheck Ttotal Status Flags
r-devel-linux-x86_64-debian-clang 0.2.7 117.53 103.52 221.05 OK
r-devel-linux-x86_64-debian-gcc 0.2.7 98.82 105.01 203.83 OK
r-devel-linux-x86_64-fedora-clang 0.2.7 347.69 OK
r-devel-linux-x86_64-fedora-gcc 0.2.7 430.67 OK
r-devel-windows-x86_64 0.2.7 128.00 190.00 318.00 OK
r-patched-linux-x86_64 OK
r-release-linux-x86_64 0.2.7 133.50 112.55 246.05 OK
r-release-macos-arm64 0.2.7 118.00 OK
r-release-macos-x86_64 0.2.7 172.00 OK
r-release-windows-x86_64 0.2.7 126.00 186.00 312.00 OK
r-oldrel-macos-arm64 0.2.7 96.00 NOTE
r-oldrel-macos-x86_64 0.2.7 152.00 NOTE
r-oldrel-windows-x86_64 0.2.7 157.00 202.00 359.00 OK

Check Details

Version: 0.2.7
Check: installed package size
Result: NOTE installed size is 25.1Mb sub-directories of 1Mb or more: libs 24.3Mb Flavors: r-oldrel-macos-arm64, r-oldrel-macos-x86_64