Last updated on 2025-11-23 05:50:18 CET.
| Flavor | Version | Tinstall | Tcheck | Ttotal | Status | Flags |
|---|---|---|---|---|---|---|
| r-devel-linux-x86_64-debian-clang | 1.8 | 12.89 | 102.35 | 115.24 | NOTE | |
| r-devel-linux-x86_64-debian-gcc | 1.8 | 7.86 | 72.12 | 79.98 | NOTE | |
| r-devel-linux-x86_64-fedora-clang | 1.8 | 29.00 | 151.61 | 180.61 | OK | |
| r-devel-windows-x86_64 | 1.8 | 26.00 | 104.00 | 130.00 | OK | |
| r-patched-linux-x86_64 | 1.8 | 13.22 | 97.33 | 110.55 | OK | |
| r-release-linux-x86_64 | 1.8 | 12.79 | 97.21 | 110.00 | OK | |
| r-release-macos-arm64 | 1.8 | OK | ||||
| r-release-macos-x86_64 | 1.8 | 10.00 | 72.00 | 82.00 | OK | |
| r-release-windows-x86_64 | 1.8 | 15.00 | 118.00 | 133.00 | OK | |
| r-oldrel-macos-arm64 | 1.8 | OK | ||||
| r-oldrel-macos-x86_64 | 1.8 | 14.00 | 89.00 | 103.00 | OK | |
| r-oldrel-windows-x86_64 | 1.8 | 20.00 | 133.00 | 153.00 | OK |
Version: 1.8
Check: CRAN incoming feasibility
Result: NOTE
Maintainer: ‘Osman Dag <osman.dag@outlook.com>’
No Authors@R field in DESCRIPTION.
Please add one, modifying
Authors@R: c(person(given = "Osman",
family = "Dag",
role = c("aut", "cre"),
email = "osman.dag@outlook.com"),
person(given = "Erdem",
family = "Karabulut",
role = "aut"),
person(given = "Reha",
family = "Alpar",
role = "aut"),
person(given = "Merve",
family = "Kasikci",
role = "ctb"))
as necessary.
Flavors: r-devel-linux-x86_64-debian-clang, r-devel-linux-x86_64-debian-gcc