Last updated on 2024-07-03 18:57:37 CEST.
Flavor | Version | Tinstall | Tcheck | Ttotal | Status | Flags |
---|---|---|---|---|---|---|
r-devel-linux-x86_64-debian-clang | 1.1.5 | 14.84 | 83.47 | 98.31 | OK | |
r-devel-linux-x86_64-debian-gcc | 1.1.5 | 11.51 | 61.41 | 72.92 | OK | |
r-devel-linux-x86_64-fedora-clang | 1.1.5 | 125.31 | NOTE | |||
r-devel-linux-x86_64-fedora-gcc | 1.1.5 | 117.81 | OK | |||
r-devel-windows-x86_64 | 1.1.5 | 13.00 | 73.00 | 86.00 | OK | |
r-patched-linux-x86_64 | 1.1.5 | 17.59 | 84.44 | 102.03 | OK | |
r-release-linux-x86_64 | 1.1.5 | 12.58 | 83.34 | 95.92 | OK | |
r-release-macos-arm64 | 1.1.5 | 30.00 | OK | |||
r-release-macos-x86_64 | 1.1.5 | 59.00 | OK | |||
r-release-windows-x86_64 | 1.1.5 | 14.00 | 73.00 | 87.00 | OK | |
r-oldrel-macos-arm64 | 1.1.5 | 38.00 | OK | |||
r-oldrel-macos-x86_64 | 1.1.5 | 95.00 | OK | |||
r-oldrel-windows-x86_64 | 1.1.5 | 17.00 | 86.00 | 103.00 | OK |
Version: 1.1.5
Check: Rd cross-references
Result: NOTE
Undeclared package ‘glmmLasso’ in Rd xrefs
Flavor: r-devel-linux-x86_64-fedora-clang