CRAN Package Check Results for Package GPGame

Last updated on 2025-07-20 06:50:11 CEST.

Flavor Version Tinstall Tcheck Ttotal Status Flags
r-devel-linux-x86_64-debian-clang 1.2.0 29.92 81.16 111.08 NOTE
r-devel-linux-x86_64-debian-gcc 1.2.0 21.30 62.77 84.07 NOTE
r-devel-linux-x86_64-fedora-clang 1.2.0 188.42 NOTE
r-devel-linux-x86_64-fedora-gcc 1.2.0 169.41 NOTE
r-devel-windows-x86_64 1.2.0 35.00 107.00 142.00 NOTE
r-patched-linux-x86_64 1.2.0 33.78 77.93 111.71 NOTE
r-release-linux-x86_64 1.2.0 30.89 78.72 109.61 NOTE
r-release-macos-arm64 1.2.0 51.00 NOTE
r-release-macos-x86_64 1.2.0 88.00 NOTE
r-release-windows-x86_64 1.2.0 41.00 108.00 149.00 NOTE
r-oldrel-macos-arm64 1.2.0 48.00 NOTE
r-oldrel-macos-x86_64 1.2.0 118.00 NOTE
r-oldrel-windows-x86_64 1.2.0 45.00 134.00 179.00 NOTE

Check Details

Version: 1.2.0
Check: CRAN incoming feasibility
Result: NOTE Maintainer: ‘Victor Picheny <victor.picheny@inra.fr>’ The Description field contains A. Habbal (2020) <arXiv:1902.06565v2>. Please refer to arXiv e-prints via their arXiv DOI <doi:10.48550/arXiv.YYMM.NNNNN>. Flavors: r-devel-linux-x86_64-debian-clang, r-devel-linux-x86_64-debian-gcc

Version: 1.2.0
Check: Rd files
Result: NOTE checkRd: (-1) solve_game.Rd:86: Lost braces in \itemize; \value handles \item{}{} directly checkRd: (-1) solve_game.Rd:87: Lost braces in \itemize; \value handles \item{}{} directly checkRd: (-1) solve_game.Rd:88: Lost braces in \itemize; \value handles \item{}{} directly checkRd: (-1) solve_game.Rd:89: Lost braces in \itemize; \value handles \item{}{} directly checkRd: (-1) solve_game.Rd:90: Lost braces in \itemize; \value handles \item{}{} directly Flavors: r-devel-linux-x86_64-debian-clang, r-devel-linux-x86_64-debian-gcc, r-devel-linux-x86_64-fedora-clang, r-devel-linux-x86_64-fedora-gcc, r-devel-windows-x86_64, r-patched-linux-x86_64, r-release-linux-x86_64, r-release-macos-arm64, r-release-macos-x86_64, r-release-windows-x86_64, r-oldrel-macos-arm64, r-oldrel-macos-x86_64, r-oldrel-windows-x86_64

Version: 1.2.0
Check: Rd cross-references
Result: NOTE Unknown package ‘DiceOptim’ in Rd xrefs Flavors: r-devel-linux-x86_64-debian-clang, r-devel-linux-x86_64-debian-gcc, r-devel-linux-x86_64-fedora-clang, r-devel-linux-x86_64-fedora-gcc, r-patched-linux-x86_64, r-release-linux-x86_64