Last updated on 2025-11-23 05:50:18 CET.
| Flavor | Version | Tinstall | Tcheck | Ttotal | Status | Flags |
|---|---|---|---|---|---|---|
| r-devel-linux-x86_64-debian-clang | 1.03.3 | 2.69 | 27.94 | 30.63 | NOTE | |
| r-devel-linux-x86_64-debian-gcc | 1.03.3 | 1.88 | 21.35 | 23.23 | NOTE | |
| r-devel-linux-x86_64-fedora-clang | 1.03.3 | 45.29 | OK | |||
| r-devel-windows-x86_64 | 1.03.3 | 3.00 | 46.00 | 49.00 | OK | |
| r-patched-linux-x86_64 | 1.03.3 | 2.64 | 25.93 | 28.57 | OK | |
| r-release-linux-x86_64 | 1.03.3 | 3.22 | 25.92 | 29.14 | OK | |
| r-release-macos-arm64 | 1.03.3 | OK | ||||
| r-release-macos-x86_64 | 1.03.3 | 2.00 | 29.00 | 31.00 | OK | |
| r-release-windows-x86_64 | 1.03.3 | 4.00 | 43.00 | 47.00 | OK | |
| r-oldrel-macos-arm64 | 1.03.3 | OK | ||||
| r-oldrel-macos-x86_64 | 1.03.3 | 2.00 | 22.00 | 24.00 | OK | |
| r-oldrel-windows-x86_64 | 1.03.3 | 3.00 | 46.00 | 49.00 | OK |
Version: 1.03.3
Check: CRAN incoming feasibility
Result: NOTE
Maintainer: ‘Rob Tibshirani <tibs@stat.stanford.edu>’
No Authors@R field in DESCRIPTION.
Please add one, modifying
Authors@R: c(person(given = "Brad",
family = "Efron",
role = "aut"),
person(given = "R.",
family = "Tibshirani",
role = "aut"),
person(given = "Rob",
family = "Tibshirani",
role = "cre",
email = "tibs@stat.stanford.edu"))
as necessary.
Flavors: r-devel-linux-x86_64-debian-clang, r-devel-linux-x86_64-debian-gcc