Last updated on 2024-04-19 19:50:15 CEST.
Flavor | Version | Tinstall | Tcheck | Ttotal | Status | Flags |
---|---|---|---|---|---|---|
r-devel-linux-x86_64-debian-clang | 2.2 | 37.04 | 128.32 | 165.36 | NOTE | |
r-devel-linux-x86_64-debian-gcc | 2.2 | NOTE | ||||
r-devel-linux-x86_64-fedora-clang | 2.2 | 232.04 | NOTE | |||
r-devel-linux-x86_64-fedora-gcc | 2.2 | 216.15 | NOTE | |||
r-prerel-macos-arm64 | 2.2 | 56.00 | NOTE | |||
r-prerel-macos-x86_64 | 2.2 | 115.00 | NOTE | |||
r-prerel-windows-x86_64 | 2.2 | 35.00 | 121.00 | 156.00 | NOTE | |
r-patched-linux-x86_64 | 2.2 | 35.00 | 119.29 | 154.29 | NOTE | |
r-release-linux-x86_64 | 2.2 | 33.93 | 125.88 | 159.81 | NOTE | |
r-release-macos-arm64 | 2.2 | 55.00 | NOTE | |||
r-release-macos-x86_64 | 2.2 | 90.00 | NOTE | |||
r-release-windows-x86_64 | 2.2 | 44.00 | 148.00 | 192.00 | NOTE | |
r-oldrel-macos-arm64 | 2.2 | 43.00 | OK | |||
r-oldrel-windows-x86_64 | 2.2 | 46.00 | 140.00 | 186.00 | NOTE |
Version: 2.2
Check: C++ specification
Result: NOTE
Specified C++11: please drop specification unless essential
Flavors: r-devel-linux-x86_64-debian-clang, r-devel-linux-x86_64-debian-gcc, r-devel-linux-x86_64-fedora-clang, r-devel-linux-x86_64-fedora-gcc, r-prerel-macos-arm64, r-prerel-macos-x86_64, r-prerel-windows-x86_64, r-patched-linux-x86_64, r-release-linux-x86_64, r-release-macos-arm64, r-release-macos-x86_64, r-release-windows-x86_64
Version: 2.2
Check: HTML version of manual
Result: NOTE
Found the following HTML validation problems:
GWASinlps.html:187:1 (GWASinlps.Rd:99): Warning: trimming empty <h4>
Flavors: r-devel-linux-x86_64-debian-clang, r-devel-linux-x86_64-debian-gcc, r-devel-linux-x86_64-fedora-clang, r-devel-linux-x86_64-fedora-gcc, r-prerel-windows-x86_64, r-patched-linux-x86_64
Version: 2.2
Check: HTML version of manual
Result: NOTE
Found the following problems:
GWASinlps.Rd:187:1: Warning: trimming empty <h4>
Flavor: r-oldrel-windows-x86_64