Last updated on 2025-07-21 06:49:27 CEST.
Flavor | Version | Tinstall | Tcheck | Ttotal | Status | Flags |
---|---|---|---|---|---|---|
r-devel-linux-x86_64-debian-clang | 1.1.0 | 2.47 | 69.26 | 71.73 | OK | |
r-devel-linux-x86_64-debian-gcc | 1.1.0 | 2.17 | 50.13 | 52.30 | OK | |
r-devel-linux-x86_64-fedora-clang | 1.1.0 | 109.87 | OK | |||
r-devel-linux-x86_64-fedora-gcc | 1.1.0 | 118.72 | OK | |||
r-devel-windows-x86_64 | 1.1.0 | 5.00 | 81.00 | 86.00 | OK | |
r-patched-linux-x86_64 | 1.1.0 | 2.36 | 63.37 | 65.73 | OK | |
r-release-linux-x86_64 | 1.1.0 | 2.68 | 63.19 | 65.87 | OK | |
r-release-macos-arm64 | 1.1.0 | 50.00 | OK | |||
r-release-macos-x86_64 | 1.1.0 | 82.00 | OK | |||
r-release-windows-x86_64 | 1.1.0 | 6.00 | 80.00 | 86.00 | OK | |
r-oldrel-macos-arm64 | 1.1.0 | 48.00 | NOTE | |||
r-oldrel-macos-x86_64 | 1.1.0 | 74.00 | NOTE | |||
r-oldrel-windows-x86_64 | 1.1.0 | 7.00 | 99.00 | 106.00 | NOTE |
Version: 1.1.0
Check: installed package size
Result: NOTE
installed size is 6.0Mb
sub-directories of 1Mb or more:
doc 5.7Mb
Flavors: r-oldrel-macos-arm64, r-oldrel-macos-x86_64, r-oldrel-windows-x86_64