Last updated on 2024-07-03 18:57:36 CEST.
Flavor | Version | Tinstall | Tcheck | Ttotal | Status | Flags |
---|---|---|---|---|---|---|
r-devel-linux-x86_64-debian-clang | 2.2.0 | 3.37 | 44.16 | 47.53 | OK | |
r-devel-linux-x86_64-debian-gcc | 2.2.0 | 2.36 | 33.69 | 36.05 | OK | |
r-devel-linux-x86_64-fedora-clang | 2.2.0 | 62.93 | NOTE | |||
r-devel-linux-x86_64-fedora-gcc | 2.2.0 | 70.03 | NOTE | |||
r-devel-windows-x86_64 | 2.2.0 | 3.00 | 68.00 | 71.00 | OK | |
r-patched-linux-x86_64 | 2.2.0 | 3.11 | 42.33 | 45.44 | OK | |
r-release-linux-x86_64 | 2.2.0 | 3.29 | 42.36 | 45.65 | OK | |
r-release-macos-arm64 | 2.2.0 | 28.00 | OK | |||
r-release-macos-x86_64 | 2.2.0 | 43.00 | OK | |||
r-release-windows-x86_64 | 2.2.0 | 4.00 | 69.00 | 73.00 | OK | |
r-oldrel-macos-arm64 | 2.2.0 | 31.00 | OK | |||
r-oldrel-macos-x86_64 | 2.2.0 | 38.00 | OK | |||
r-oldrel-windows-x86_64 | 2.2.0 | 5.00 | 66.00 | 71.00 | OK |
Version: 2.2.0
Check: data for non-ASCII characters
Result: NOTE
Note: found 17 marked UTF-8 strings
Flavors: r-devel-linux-x86_64-fedora-clang, r-devel-linux-x86_64-fedora-gcc