Last updated on 2024-04-19 06:56:17 CEST.
Flavor | Version | Tinstall | Tcheck | Ttotal | Status | Flags |
---|---|---|---|---|---|---|
r-devel-linux-x86_64-debian-clang | 1.2.1 | 2.14 | 27.00 | 29.14 | OK | |
r-devel-linux-x86_64-debian-gcc | 1.2.1 | OK | ||||
r-devel-linux-x86_64-fedora-clang | 1.2.1 | 37.92 | NOTE | |||
r-devel-linux-x86_64-fedora-gcc | 1.2.1 | 36.44 | OK | |||
r-prerel-macos-arm64 | 1.2.1 | 16.00 | OK | |||
r-prerel-macos-x86_64 | 1.2.1 | 52.00 | OK | |||
r-prerel-windows-x86_64 | 1.2.1 | 2.00 | 49.00 | 51.00 | OK | |
r-patched-linux-x86_64 | 1.2.1 | 2.10 | 26.14 | 28.24 | OK | |
r-release-linux-x86_64 | 1.2.1 | 2.13 | 27.01 | 29.14 | OK | |
r-release-macos-arm64 | 1.2.1 | 35.00 | OK | |||
r-release-macos-x86_64 | 1.2.1 | 53.00 | OK | |||
r-release-windows-x86_64 | 1.2.1 | 5.00 | 52.00 | 57.00 | OK | |
r-oldrel-macos-arm64 | 1.2.1 | 28.00 | OK | |||
r-oldrel-windows-x86_64 | 1.2.1 | 4.00 | 66.00 | 70.00 | OK |
Version: 1.2.1
Check: Rd cross-references
Result: NOTE
Undeclared package ‘poibin’ in Rd xrefs
Flavor: r-devel-linux-x86_64-fedora-clang