CRAN Package Check Results for Package GeneralOaxaca

Last updated on 2025-11-23 17:50:13 CET.

Flavor Version Tinstall Tcheck Ttotal Status Flags
r-devel-linux-x86_64-debian-clang 1.0 1.73 22.51 24.24 NOTE
r-devel-linux-x86_64-debian-gcc 1.0 1.43 18.15 19.58 NOTE
r-devel-linux-x86_64-fedora-clang 1.0 34.06 OK
r-devel-windows-x86_64 1.0 5.00 40.00 45.00 OK
r-patched-linux-x86_64 1.0 1.70 21.02 22.72 OK
r-release-linux-x86_64 1.0 1.71 21.31 23.02 OK
r-release-macos-arm64 1.0 OK
r-release-macos-x86_64 1.0 2.00 22.00 24.00 OK
r-release-windows-x86_64 1.0 2.00 45.00 47.00 OK
r-oldrel-macos-arm64 1.0 OK
r-oldrel-macos-x86_64 1.0 2.00 20.00 22.00 OK
r-oldrel-windows-x86_64 1.0 4.00 45.00 49.00 OK

Check Details

Version: 1.0
Check: CRAN incoming feasibility
Result: NOTE Maintainer: ‘Aurelien Nicosia <nicosia.aurelien@gmail.com>’ No Authors@R field in DESCRIPTION. Please add one, modifying Authors@R: c(person(given = "Aurelien", family = "Nicosia", role = c("aut", "cre"), email = "nicosia.aurelien@gmail.com"), person(given = "Simon", family = "Baillargeon-Ladouceur", role = "aut")) as necessary. Flavors: r-devel-linux-x86_64-debian-clang, r-devel-linux-x86_64-debian-gcc