CRAN Package Check Results for Package GenericML

Last updated on 2025-07-01 06:49:54 CEST.

Flavor Version Tinstall Tcheck Ttotal Status Flags
r-devel-linux-x86_64-debian-clang 0.2.2 8.97 104.51 113.48 NOTE
r-devel-linux-x86_64-debian-gcc 0.2.2 5.90 74.64 80.54 NOTE
r-devel-linux-x86_64-fedora-clang 0.2.2 182.33 OK
r-devel-linux-x86_64-fedora-gcc 0.2.2 155.70 OK
r-devel-windows-x86_64 0.2.2 11.00 112.00 123.00 OK
r-patched-linux-x86_64 OK
r-release-linux-x86_64 0.2.2 7.54 94.22 101.76 OK
r-release-macos-arm64 0.2.2 48.00 OK
r-release-macos-x86_64 0.2.2 81.00 OK
r-release-windows-x86_64 0.2.2 12.00 112.00 124.00 OK
r-oldrel-macos-arm64 0.2.2 44.00 OK
r-oldrel-macos-x86_64 0.2.2 65.00 OK
r-oldrel-windows-x86_64 0.2.2 13.00 138.00 151.00 OK

Check Details

Version: 0.2.2
Check: CRAN incoming feasibility
Result: NOTE Maintainer: ‘Max Welz <welz@ese.eur.nl>’ Package CITATION file contains call(s) to old-style citEntry(). Please use bibentry() instead. The Description field contains and Fernández-Val (2020) <arXiv:1712.04802>. This package's workhorse <arXiv:1712.04802> for a suite of user-specified machine learners. All Please refer to arXiv e-prints via their arXiv DOI <doi:10.48550/arXiv.YYMM.NNNNN>. Flavors: r-devel-linux-x86_64-debian-clang, r-devel-linux-x86_64-debian-gcc