Last updated on 2025-07-27 06:49:28 CEST.
Flavor | Version | Tinstall | Tcheck | Ttotal | Status | Flags |
---|---|---|---|---|---|---|
r-devel-linux-x86_64-debian-clang | 2.0.0 | 84.62 | 52.97 | 137.59 | NOTE | |
r-devel-linux-x86_64-debian-gcc | 2.0.0 | 80.24 | 40.28 | 120.52 | NOTE | |
r-devel-linux-x86_64-fedora-clang | 2.0.0 | 202.95 | OK | |||
r-devel-linux-x86_64-fedora-gcc | 2.0.0 | 264.53 | OK | |||
r-devel-windows-x86_64 | 2.0.0 | 91.00 | 86.00 | 177.00 | OK | |
r-patched-linux-x86_64 | 2.0.0 | 103.33 | 52.53 | 155.86 | OK | |
r-release-linux-x86_64 | 2.0.0 | 109.60 | 53.18 | 162.78 | OK | |
r-release-macos-arm64 | 2.0.0 | 63.00 | OK | |||
r-release-macos-x86_64 | 2.0.0 | 131.00 | OK | |||
r-release-windows-x86_64 | 2.0.0 | 85.00 | 89.00 | 174.00 | OK | |
r-oldrel-macos-arm64 | 2.0.0 | 61.00 | NOTE | |||
r-oldrel-macos-x86_64 | 2.0.0 | 104.00 | NOTE | |||
r-oldrel-windows-x86_64 | 2.0.0 | 108.00 | 102.00 | 210.00 | NOTE |
Version: 2.0.0
Check: CRAN incoming feasibility
Result: NOTE
Maintainer: ‘Umut Altay <altayumut.ua@gmail.com>’
The Description field contains
Geir-Arne Fuglstad (2022) <arXiv:2202.11035v2>. Umut Altay, John
Paige, Andrea Riebler, Geir-Arne Fuglstad (2022) <arXiv:2211.07442v1>.
Please refer to arXiv e-prints via their arXiv DOI <doi:10.48550/arXiv.YYMM.NNNNN>.
Flavors: r-devel-linux-x86_64-debian-clang, r-devel-linux-x86_64-debian-gcc
Version: 2.0.0
Check: installed package size
Result: NOTE
installed size is 46.8Mb
sub-directories of 1Mb or more:
libs 46.1Mb
Flavors: r-oldrel-macos-arm64, r-oldrel-macos-x86_64, r-oldrel-windows-x86_64