Last updated on 2025-11-22 17:49:30 CET.
| Flavor | Version | Tinstall | Tcheck | Ttotal | Status | Flags |
|---|---|---|---|---|---|---|
| r-devel-linux-x86_64-debian-clang | 0.1.0 | 3.95 | 46.61 | 50.56 | OK | |
| r-devel-linux-x86_64-debian-gcc | 0.1.0 | 2.85 | 34.19 | 37.04 | OK | |
| r-devel-linux-x86_64-fedora-clang | 0.1.0 | 76.80 | NOTE | |||
| r-devel-windows-x86_64 | 0.1.0 | 6.00 | 62.00 | 68.00 | OK | |
| r-patched-linux-x86_64 | 0.1.0 | 4.22 | 44.85 | 49.07 | OK | |
| r-release-linux-x86_64 | 0.1.0 | 4.00 | 44.49 | 48.49 | OK | |
| r-release-macos-arm64 | 0.1.0 | OK | ||||
| r-release-macos-x86_64 | 0.1.0 | 4.00 | 46.00 | 50.00 | OK | |
| r-release-windows-x86_64 | 0.1.0 | 6.00 | 63.00 | 69.00 | OK | |
| r-oldrel-macos-arm64 | 0.1.0 | OK | ||||
| r-oldrel-macos-x86_64 | 0.1.0 | 3.00 | 33.00 | 36.00 | OK | |
| r-oldrel-windows-x86_64 | 0.1.0 | 8.00 | 77.00 | 85.00 | OK |
Version: 0.1.0
Check: dependencies in R code
Result: NOTE
Namespace in Imports field not imported from: ‘velociraptr’
All declared Imports should be used.
Flavor: r-devel-linux-x86_64-fedora-clang