Last updated on 2024-07-05 19:04:21 CEST.
Flavor | Version | Tinstall | Tcheck | Ttotal | Status | Flags |
---|---|---|---|---|---|---|
r-devel-linux-x86_64-debian-clang | 0.2.0 | 5.86 | 41.37 | 47.23 | NOTE | |
r-devel-linux-x86_64-debian-gcc | 0.2.0 | 4.05 | 28.71 | 32.76 | NOTE | |
r-devel-linux-x86_64-fedora-clang | 0.2.0 | 55.01 | NOTE | |||
r-devel-linux-x86_64-fedora-gcc | 0.2.0 | 51.35 | NOTE | |||
r-devel-windows-x86_64 | 0.2.0 | 5.00 | 50.00 | 55.00 | NOTE | |
r-patched-linux-x86_64 | 0.2.0 | 4.92 | 37.28 | 42.20 | NOTE | |
r-release-linux-x86_64 | 0.2.0 | 4.26 | 38.10 | 42.36 | NOTE | |
r-release-macos-arm64 | 0.2.0 | 19.00 | NOTE | |||
r-release-macos-x86_64 | 0.2.0 | 27.00 | NOTE | |||
r-release-windows-x86_64 | 0.2.0 | 4.00 | 53.00 | 57.00 | NOTE | |
r-oldrel-macos-arm64 | 0.2.0 | 20.00 | OK | |||
r-oldrel-macos-x86_64 | 0.2.0 | 29.00 | OK | |||
r-oldrel-windows-x86_64 | 0.2.0 | 4.00 | 56.00 | 60.00 | OK |
Version: 0.2.0
Check: Rd files
Result: NOTE
checkRd: (-1) calvaria.Rd:8: Lost braces; missing escapes or markup?
8 | A named list containing \code{x} {a vector containing the ages}
| ^
checkRd: (-1) calvaria.Rd:9: Lost braces; missing escapes or markup?
9 | \code{y} {a matrix where each column is a preshape.} The 23rd, 101st,
| ^
Flavors: r-devel-linux-x86_64-debian-clang, r-devel-linux-x86_64-debian-gcc, r-devel-linux-x86_64-fedora-clang, r-devel-linux-x86_64-fedora-gcc, r-devel-windows-x86_64, r-patched-linux-x86_64, r-release-linux-x86_64, r-release-macos-arm64, r-release-macos-x86_64, r-release-windows-x86_64
Version: 0.2.0
Check: Rd cross-references
Result: NOTE
Undeclared package ‘RiemBase’ in Rd xrefs
Flavor: r-devel-linux-x86_64-fedora-clang