Last updated on 2025-05-05 18:50:06 CEST.
Flavor | Version | Tinstall | Tcheck | Ttotal | Status | Flags |
---|---|---|---|---|---|---|
r-devel-linux-x86_64-debian-clang | 1.0.0 | 11.88 | 161.54 | 173.42 | NOTE | |
r-devel-linux-x86_64-debian-gcc | 1.0.0 | 8.53 | 119.67 | 128.20 | NOTE | |
r-devel-linux-x86_64-fedora-clang | 1.0.0 | 270.14 | OK | |||
r-devel-linux-x86_64-fedora-gcc | 1.0.0 | 279.09 | OK | |||
r-devel-windows-x86_64 | 1.0.0 | 13.00 | 179.00 | 192.00 | OK | |
r-patched-linux-x86_64 | 1.0.0 | 10.33 | 154.06 | 164.39 | OK | |
r-release-linux-x86_64 | 1.0.0 | 11.30 | 153.30 | 164.60 | OK | |
r-release-macos-arm64 | 1.0.0 | 110.00 | OK | |||
r-release-macos-x86_64 | 1.0.0 | 163.00 | OK | |||
r-release-windows-x86_64 | 1.0.0 | 13.00 | 171.00 | 184.00 | OK | |
r-oldrel-macos-arm64 | 1.0.0 | 82.00 | OK | |||
r-oldrel-macos-x86_64 | 1.0.0 | 129.00 | OK | |||
r-oldrel-windows-x86_64 | 1.0.0 | 17.00 | 213.00 | 230.00 | OK |
Version: 1.0.0
Check: CRAN incoming feasibility
Result: NOTE
Maintainer: ‘Greg McMahan <gmcmacran@gmail.com>’
No Authors@R field in DESCRIPTION.
Please add one, modifying
Authors@R: person(given = "Greg",
family = "McMahan",
role = c("aut", "cre"),
email = "gmcmacran@gmail.com")
as necessary.
Flavors: r-devel-linux-x86_64-debian-clang, r-devel-linux-x86_64-debian-gcc