Last updated on 2025-07-19 18:50:23 CEST.
Flavor | Version | Tinstall | Tcheck | Ttotal | Status | Flags |
---|---|---|---|---|---|---|
r-devel-linux-x86_64-debian-clang | 2.0.2 | 21.81 | 203.55 | 225.36 | NOTE | |
r-devel-linux-x86_64-debian-gcc | 2.0.2 | 15.26 | 146.69 | 161.95 | NOTE | |
r-devel-linux-x86_64-fedora-clang | 2.0.2 | 340.35 | OK | |||
r-devel-linux-x86_64-fedora-gcc | 2.0.2 | 357.32 | OK | |||
r-devel-windows-x86_64 | 2.0.2 | 21.00 | 193.00 | 214.00 | NOTE | |
r-patched-linux-x86_64 | 2.0.2 | 21.45 | 190.83 | 212.28 | NOTE | |
r-release-linux-x86_64 | 2.0.2 | 20.18 | 186.28 | 206.46 | NOTE | |
r-release-macos-arm64 | 2.0.2 | 90.00 | OK | |||
r-release-macos-x86_64 | 2.0.2 | 175.00 | OK | |||
r-release-windows-x86_64 | 2.0.2 | 20.00 | 185.00 | 205.00 | NOTE | |
r-oldrel-macos-arm64 | 2.0.2 | 93.00 | OK | |||
r-oldrel-macos-x86_64 | 2.0.2 | 134.00 | OK | |||
r-oldrel-windows-x86_64 | 2.0.2 | 28.00 | 247.00 | 275.00 | OK |
Version: 2.0.2
Check: Rd cross-references
Result: NOTE
Found the following Rd file(s) with Rd \link{} targets missing package
anchors:
caDescribeOpts.Rd: describeMean, describeFactors
prGetStatistics.Rd: describeMean, describeFactors
Please provide package anchors for all Rd \link{} targets not in the
package itself and the base packages.
Flavors: r-devel-linux-x86_64-debian-clang, r-devel-linux-x86_64-debian-gcc, r-devel-windows-x86_64, r-patched-linux-x86_64, r-release-linux-x86_64, r-release-windows-x86_64