Last updated on 2024-07-03 18:57:37 CEST.
Flavor | Version | Tinstall | Tcheck | Ttotal | Status | Flags |
---|---|---|---|---|---|---|
r-devel-linux-x86_64-debian-clang | 0.2.6 | 193.13 | 65.06 | 258.19 | OK | |
r-devel-linux-x86_64-debian-gcc | 0.2.6 | 116.45 | 50.94 | 167.39 | OK | |
r-devel-linux-x86_64-fedora-clang | 0.2.6 | 385.33 | NOTE | |||
r-devel-linux-x86_64-fedora-gcc | 0.2.6 | 379.15 | NOTE | |||
r-devel-windows-x86_64 | 0.2.6 | 130.00 | 108.00 | 238.00 | OK | |
r-patched-linux-x86_64 | 0.2.6 | 142.48 | 64.98 | 207.46 | OK | |
r-release-linux-x86_64 | 0.2.6 | 142.26 | 65.54 | 207.80 | OK | |
r-release-macos-arm64 | 0.2.6 | 79.00 | OK | |||
r-release-macos-x86_64 | 0.2.6 | 99.00 | OK | |||
r-release-windows-x86_64 | 0.2.6 | 131.00 | 112.00 | 243.00 | OK | |
r-oldrel-macos-arm64 | 0.2.6 | 94.00 | OK | |||
r-oldrel-macos-x86_64 | 0.2.6 | 167.00 | OK | |||
r-oldrel-windows-x86_64 | 0.2.6 | 120.00 | 111.00 | 231.00 | OK |
Version: 0.2.6
Check: data for non-ASCII characters
Result: NOTE
Note: found 3 marked UTF-8 strings
Flavors: r-devel-linux-x86_64-fedora-clang, r-devel-linux-x86_64-fedora-gcc