Last updated on 2025-11-22 17:49:31 CET.
| Flavor | Version | Tinstall | Tcheck | Ttotal | Status | Flags |
|---|---|---|---|---|---|---|
| r-devel-linux-x86_64-debian-clang | 1.0 | 14.25 | 113.94 | 128.19 | NOTE | |
| r-devel-linux-x86_64-debian-gcc | 1.0 | 10.03 | 82.61 | 92.64 | NOTE | |
| r-devel-linux-x86_64-fedora-clang | 1.0 | 34.00 | 165.70 | 199.70 | OK | |
| r-devel-windows-x86_64 | 1.0 | 16.00 | 108.00 | 124.00 | OK | |
| r-patched-linux-x86_64 | 1.0 | 12.76 | 106.25 | 119.01 | OK | |
| r-release-linux-x86_64 | 1.0 | 12.03 | 106.34 | 118.37 | OK | |
| r-release-macos-arm64 | 1.0 | OK | ||||
| r-release-macos-x86_64 | 1.0 | 11.00 | 75.00 | 86.00 | OK | |
| r-release-windows-x86_64 | 1.0 | 17.00 | 108.00 | 125.00 | OK | |
| r-oldrel-macos-arm64 | 1.0 | OK | ||||
| r-oldrel-macos-x86_64 | 1.0 | 9.00 | 59.00 | 68.00 | OK | |
| r-oldrel-windows-x86_64 | 1.0 | 22.00 | 141.00 | 163.00 | OK |
Version: 1.0
Check: CRAN incoming feasibility
Result: NOTE
Maintainer: ‘Tianxi Li <tianxili@umn.edu>’
The Description field contains
<arXiv:1810.01509>. The package also includes a data generating
Please refer to arXiv e-prints via their arXiv DOI <doi:10.48550/arXiv.YYMM.NNNNN>.
Flavors: r-devel-linux-x86_64-debian-clang, r-devel-linux-x86_64-debian-gcc