Last updated on 2024-07-05 19:04:22 CEST.
Flavor | Version | Tinstall | Tcheck | Ttotal | Status | Flags |
---|---|---|---|---|---|---|
r-devel-linux-x86_64-debian-clang | 0.1.1 | 9.59 | 83.64 | 93.23 | NOTE | |
r-devel-linux-x86_64-debian-gcc | 0.1.1 | 7.16 | 62.88 | 70.04 | NOTE | |
r-devel-linux-x86_64-fedora-clang | 0.1.1 | 109.81 | NOTE | |||
r-devel-linux-x86_64-fedora-gcc | 0.1.1 | 104.16 | NOTE | |||
r-devel-windows-x86_64 | 0.1.1 | 9.00 | 81.00 | 90.00 | NOTE | |
r-patched-linux-x86_64 | 0.1.1 | 7.81 | 79.11 | 86.92 | NOTE | |
r-release-linux-x86_64 | 0.1.1 | 8.14 | 79.71 | 87.85 | NOTE | |
r-release-macos-arm64 | 0.1.1 | 35.00 | NOTE | |||
r-release-macos-x86_64 | 0.1.1 | 51.00 | NOTE | |||
r-release-windows-x86_64 | 0.1.1 | 9.00 | 82.00 | 91.00 | NOTE | |
r-oldrel-macos-arm64 | 0.1.1 | 40.00 | NOTE | |||
r-oldrel-macos-x86_64 | 0.1.1 | 58.00 | NOTE | |||
r-oldrel-windows-x86_64 | 0.1.1 | 10.00 | 100.00 | 110.00 | NOTE |
Version: 0.1.1
Check: LazyData
Result: NOTE
'LazyData' is specified without a 'data' directory
Flavors: r-devel-linux-x86_64-debian-clang, r-devel-linux-x86_64-debian-gcc, r-devel-linux-x86_64-fedora-clang, r-devel-linux-x86_64-fedora-gcc, r-devel-windows-x86_64, r-patched-linux-x86_64, r-release-linux-x86_64, r-release-macos-arm64, r-release-macos-x86_64, r-release-windows-x86_64, r-oldrel-macos-arm64, r-oldrel-macos-x86_64, r-oldrel-windows-x86_64