CRAN Package Check Results for Package HDBRR

Last updated on 2025-04-17 06:50:35 CEST.

Flavor Version Tinstall Tcheck Ttotal Status Flags
r-devel-linux-x86_64-debian-clang 1.1.4 8.25 62.90 71.15 NOTE
r-devel-linux-x86_64-debian-gcc 1.1.4 5.19 45.25 50.44 NOTE
r-devel-linux-x86_64-fedora-clang 1.1.4 110.30 NOTE
r-devel-linux-x86_64-fedora-gcc 1.1.4 118.21 NOTE
r-devel-windows-x86_64 1.1.4 8.00 99.00 107.00 NOTE
r-patched-linux-x86_64 1.1.4 8.14 58.22 66.36 NOTE
r-release-linux-x86_64 1.1.4 6.97 59.64 66.61 NOTE
r-release-macos-arm64 1.1.4 56.00 NOTE
r-release-macos-x86_64 1.1.4 83.00 NOTE
r-release-windows-x86_64 1.1.4 9.00 108.00 117.00 NOTE
r-oldrel-macos-arm64 1.1.4 50.00 NOTE
r-oldrel-macos-x86_64 1.1.4 89.00 NOTE
r-oldrel-windows-x86_64 1.1.4 11.00 109.00 120.00 NOTE

Check Details

Version: 1.1.4
Check: Rd files
Result: NOTE checkRd: (-1) phenowheat.Rd:18: Lost braces in \enumerate; meant \describe ? checkRd: (-1) phenowheat.Rd:19: Lost braces in \enumerate; meant \describe ? Flavors: r-devel-linux-x86_64-debian-clang, r-devel-linux-x86_64-debian-gcc, r-devel-linux-x86_64-fedora-clang, r-devel-linux-x86_64-fedora-gcc, r-devel-windows-x86_64, r-patched-linux-x86_64, r-release-linux-x86_64, r-release-macos-arm64, r-release-macos-x86_64, r-release-windows-x86_64, r-oldrel-macos-arm64, r-oldrel-macos-x86_64, r-oldrel-windows-x86_64