Last updated on 2025-11-23 05:50:19 CET.
| Flavor | Version | Tinstall | Tcheck | Ttotal | Status | Flags |
|---|---|---|---|---|---|---|
| r-devel-linux-x86_64-debian-clang | 2.0 | 14.12 | 37.89 | 52.01 | NOTE | |
| r-devel-linux-x86_64-debian-gcc | 2.0 | 10.91 | 30.40 | 41.31 | NOTE | |
| r-devel-linux-x86_64-fedora-clang | 2.0 | 36.00 | 45.31 | 81.31 | NOTE | |
| r-devel-windows-x86_64 | 2.0 | 28.00 | 70.00 | 98.00 | NOTE | |
| r-patched-linux-x86_64 | 2.0 | 15.07 | 35.97 | 51.04 | NOTE | |
| r-release-linux-x86_64 | 2.0 | 14.61 | 35.75 | 50.36 | NOTE | |
| r-release-macos-arm64 | 2.0 | NOTE | ||||
| r-release-macos-x86_64 | 2.0 | 12.00 | 37.00 | 49.00 | NOTE | |
| r-release-windows-x86_64 | 2.0 | 23.00 | 69.00 | 92.00 | NOTE | |
| r-oldrel-macos-arm64 | 2.0 | NOTE | ||||
| r-oldrel-macos-x86_64 | 2.0 | 13.00 | 30.00 | 43.00 | NOTE | |
| r-oldrel-windows-x86_64 | 2.0 | 26.00 | 86.00 | 112.00 | NOTE |
Version: 2.0
Check: CRAN incoming feasibility
Result: NOTE
Maintainer: ‘Natalia Novoselova <novos65@mail.ru>’
No Authors@R field in DESCRIPTION.
Please add one, modifying
Authors@R: c(person(given = c("Natalia", "Novoselova,Junxi", "Wang,Jialiang"),
family = "Li",
role = "aut"),
person(given = c("Frank", "Pessler,Frank"),
family = "Klawonn",
role = "aut"),
person(given = "Natalia",
family = "Novoselova",
role = "cre",
email = "novos65@mail.ru"))
as necessary.
Flavors: r-devel-linux-x86_64-debian-clang, r-devel-linux-x86_64-debian-gcc
Version: 2.0
Check: Rd files
Result: NOTE
checkRd: (-1) CalcROC.Rd:47: Lost braces
47 | The accuracy of the classifier is the mean value of dQuote{(optSn, optSp)} for two-class problem and the mean value of \dQuote{(optSn, optSp,optS3)} for three-class problem.
| ^
Flavors: r-devel-linux-x86_64-debian-clang, r-devel-linux-x86_64-debian-gcc, r-devel-linux-x86_64-fedora-clang, r-devel-windows-x86_64, r-patched-linux-x86_64, r-release-linux-x86_64, r-release-macos-arm64, r-release-macos-x86_64, r-release-windows-x86_64, r-oldrel-macos-arm64, r-oldrel-macos-x86_64, r-oldrel-windows-x86_64