CRAN Package Check Results for Package HealthCal

Last updated on 2025-11-23 05:50:18 CET.

Flavor Version Tinstall Tcheck Ttotal Status Flags
r-devel-linux-x86_64-debian-clang 0.1.1 1.64 21.97 23.61 NOTE
r-devel-linux-x86_64-debian-gcc 0.1.1 1.32 18.13 19.45 NOTE
r-devel-linux-x86_64-fedora-clang 0.1.1 34.52 OK
r-devel-windows-x86_64 0.1.1 3.00 41.00 44.00 OK
r-patched-linux-x86_64 0.1.1 1.31 20.59 21.90 OK
r-release-linux-x86_64 0.1.1 1.72 20.71 22.43 OK
r-release-macos-arm64 0.1.1 OK
r-release-macos-x86_64 0.1.1 2.00 35.00 37.00 OK
r-release-windows-x86_64 0.1.1 3.00 51.00 54.00 OK
r-oldrel-macos-arm64 0.1.1 OK
r-oldrel-macos-x86_64 0.1.1 2.00 31.00 33.00 OK
r-oldrel-windows-x86_64 0.1.1 4.00 45.00 49.00 OK

Check Details

Version: 0.1.1
Check: CRAN incoming feasibility
Result: NOTE Maintainer: ‘Pankaj Das <pankaj.das2@icar.gov.in>’ No Authors@R field in DESCRIPTION. Please add one, modifying Authors@R: person(given = "Pankaj", family = "Das", role = c("aut", "cre"), email = "pankaj.das2@icar.gov.in", comment = c(ORCID = "0000-0003-1672-2502")) as necessary. Flavors: r-devel-linux-x86_64-debian-clang, r-devel-linux-x86_64-debian-gcc