Last updated on 2025-11-23 17:50:15 CET.
| Flavor | Version | Tinstall | Tcheck | Ttotal | Status | Flags |
|---|---|---|---|---|---|---|
| r-devel-linux-x86_64-debian-clang | 1.3 | 5.75 | 35.38 | 41.13 | NOTE | |
| r-devel-linux-x86_64-debian-gcc | 1.3 | 4.39 | 26.79 | 31.18 | NOTE | |
| r-devel-linux-x86_64-fedora-clang | 1.3 | 58.24 | OK | |||
| r-devel-windows-x86_64 | 1.3 | 10.00 | 55.00 | 65.00 | OK | |
| r-patched-linux-x86_64 | 1.3 | 5.40 | 33.24 | 38.64 | OK | |
| r-release-linux-x86_64 | 1.3 | 5.09 | 33.25 | 38.34 | OK | |
| r-release-macos-arm64 | 1.3 | OK | ||||
| r-release-macos-x86_64 | 1.3 | 5.00 | 35.00 | 40.00 | OK | |
| r-release-windows-x86_64 | 1.3 | 9.00 | 61.00 | 70.00 | OK | |
| r-oldrel-macos-arm64 | 1.3 | OK | ||||
| r-oldrel-macos-x86_64 | 1.3 | 4.00 | 30.00 | 34.00 | OK | |
| r-oldrel-windows-x86_64 | 1.3 | 8.00 | 63.00 | 71.00 | OK |
Version: 1.3
Check: CRAN incoming feasibility
Result: NOTE
Maintainer: ‘Pierre Lafaye De Micheaux <lafaye@unsw.edu.au>’
Package CITATION file contains call(s) to old-style personList() or
as.personList(). Please use c() on person objects instead.
Package CITATION file contains call(s) to old-style citEntry(). Please
use bibentry() instead.
The Description field contains
Geenens and Lafaye De Micheaux (2019) <arXiv:1810.10276v4>.
Please refer to arXiv e-prints via their arXiv DOI <doi:10.48550/arXiv.YYMM.NNNNN>.
Flavors: r-devel-linux-x86_64-debian-clang, r-devel-linux-x86_64-debian-gcc