Last updated on 2024-07-03 18:57:38 CEST.
Flavor | Version | Tinstall | Tcheck | Ttotal | Status | Flags |
---|---|---|---|---|---|---|
r-devel-linux-x86_64-debian-clang | 0.3.63 | 13.88 | 216.57 | 230.45 | ERROR | |
r-devel-linux-x86_64-debian-gcc | 0.3.63 | 11.82 | 163.23 | 175.05 | ERROR | |
r-devel-linux-x86_64-fedora-clang | 0.3.63 | 297.63 | ERROR | |||
r-devel-linux-x86_64-fedora-gcc | 0.3.63 | 315.09 | ERROR | |||
r-devel-windows-x86_64 | 0.3.63 | 10.00 | 328.00 | 338.00 | OK | |
r-patched-linux-x86_64 | 0.3.63 | 15.60 | 209.35 | 224.95 | OK | |
r-release-linux-x86_64 | 0.3.63 | 14.51 | 210.93 | 225.44 | OK | |
r-release-macos-arm64 | 0.3.63 | 156.00 | OK | |||
r-release-macos-x86_64 | 0.3.63 | 205.00 | OK | |||
r-release-windows-x86_64 | 0.3.63 | 11.00 | 330.00 | 341.00 | OK | |
r-oldrel-macos-arm64 | 0.3.63 | 151.00 | OK | |||
r-oldrel-macos-x86_64 | 0.3.63 | 248.00 | OK | |||
r-oldrel-windows-x86_64 | 0.3.63 | 13.00 | 324.00 | 337.00 | OK |
Version: 0.3.63
Check: re-building of vignette outputs
Result: ERROR
Error(s) in re-building vignettes:
...
--- re-building ‘HiveR.Rmd’ using rmarkdown
! Undefined control sequence.
l.447 \pandocbounded
{\includegraphics[keepaspectratio]{./images/VSEPR.pdf}}
Error: processing vignette 'HiveR.Rmd' failed with diagnostics:
LaTeX failed to compile /home/hornik/tmp/R.check/r-devel-clang/Work/PKGS/HiveR.Rcheck/vign_test/HiveR/vignettes/HiveR.tex. See https://yihui.org/tinytex/r/#debugging for debugging tips. See HiveR.log for more info.
--- failed re-building ‘HiveR.Rmd’
SUMMARY: processing the following file failed:
‘HiveR.Rmd’
Error: Vignette re-building failed.
Execution halted
Flavor: r-devel-linux-x86_64-debian-clang
Version: 0.3.63
Check: re-building of vignette outputs
Result: ERROR
Error(s) in re-building vignettes:
...
--- re-building ‘HiveR.Rmd’ using rmarkdown
! Undefined control sequence.
l.447 \pandocbounded
{\includegraphics[keepaspectratio]{./images/VSEPR.pdf}}
Error: processing vignette 'HiveR.Rmd' failed with diagnostics:
LaTeX failed to compile /home/hornik/tmp/R.check/r-devel-gcc/Work/PKGS/HiveR.Rcheck/vign_test/HiveR/vignettes/HiveR.tex. See https://yihui.org/tinytex/r/#debugging for debugging tips. See HiveR.log for more info.
--- failed re-building ‘HiveR.Rmd’
SUMMARY: processing the following file failed:
‘HiveR.Rmd’
Error: Vignette re-building failed.
Execution halted
Flavor: r-devel-linux-x86_64-debian-gcc
Version: 0.3.63
Check: re-building of vignette outputs
Result: ERROR
Error(s) in re-building vignettes:
--- re-building ‘HiveR.Rmd’ using rmarkdown
Warning in system2("tlmgr", args, ...) :
running command ''tlmgr' search --file --global '/l3backend-pdftex.def'' had status 123
! Undefined control sequence.
l.447 \pandocbounded
{\includegraphics[keepaspectratio]{./images/VSEPR.pdf}}
Error: processing vignette 'HiveR.Rmd' failed with diagnostics:
LaTeX failed to compile /data/gannet/ripley/R/packages/tests-clang/HiveR.Rcheck/vign_test/HiveR/vignettes/HiveR.tex. See https://yihui.org/tinytex/r/#debugging for debugging tips. See HiveR.log for more info.
--- failed re-building ‘HiveR.Rmd’
SUMMARY: processing the following file failed:
‘HiveR.Rmd’
Error: Vignette re-building failed.
Execution halted
Flavor: r-devel-linux-x86_64-fedora-clang
Version: 0.3.63
Check: re-building of vignette outputs
Result: ERROR
Error(s) in re-building vignettes:
--- re-building ‘HiveR.Rmd’ using rmarkdown
Warning in system2("tlmgr", args, ...) :
running command ''tlmgr' search --file --global '/l3backend-pdftex.def'' had status 123
! Undefined control sequence.
l.447 \pandocbounded
{\includegraphics[keepaspectratio]{./images/VSEPR.pdf}}
Error: processing vignette 'HiveR.Rmd' failed with diagnostics:
LaTeX failed to compile /data/gannet/ripley/R/packages/tests-devel/HiveR.Rcheck/vign_test/HiveR/vignettes/HiveR.tex. See https://yihui.org/tinytex/r/#debugging for debugging tips. See HiveR.log for more info.
--- failed re-building ‘HiveR.Rmd’
SUMMARY: processing the following file failed:
‘HiveR.Rmd’
Error: Vignette re-building failed.
Execution halted
Flavor: r-devel-linux-x86_64-fedora-gcc