CRAN Package Check Results for Package HyMETT

Last updated on 2025-05-17 18:49:37 CEST.

Flavor Version Tinstall Tcheck Ttotal Status Flags
r-devel-linux-x86_64-debian-clang 1.1.3 4.68 63.76 68.44 OK
r-devel-linux-x86_64-debian-gcc 1.1.3 3.49 46.26 49.75 OK
r-devel-linux-x86_64-fedora-clang 1.1.3 107.49 OK
r-devel-linux-x86_64-fedora-gcc 1.1.3 115.94 OK
r-devel-windows-x86_64 1.1.3 8.00 90.00 98.00 OK
r-patched-linux-x86_64 1.1.3 6.19 60.20 66.39 OK
r-release-linux-x86_64 1.1.3 4.38 60.39 64.77 OK
r-release-macos-arm64 1.1.3 58.00 OK
r-release-macos-x86_64 1.1.3 80.00 OK
r-release-windows-x86_64 1.1.3 8.00 90.00 98.00 OK
r-oldrel-macos-arm64 1.1.3 45.00 NOTE
r-oldrel-macos-x86_64 1.1.3 101.00 NOTE
r-oldrel-windows-x86_64 1.1.3 9.00 104.00 113.00 NOTE

Check Details

Version: 1.1.3
Check: installed package size
Result: NOTE installed size is 7.4Mb sub-directories of 1Mb or more: extdata 5.7Mb Flavors: r-oldrel-macos-arm64, r-oldrel-macos-x86_64, r-oldrel-windows-x86_64