Last updated on 2024-07-03 18:57:38 CEST.
Flavor | Version | Tinstall | Tcheck | Ttotal | Status | Flags |
---|---|---|---|---|---|---|
r-devel-linux-x86_64-debian-clang | 1.1.2 | 5.71 | 81.06 | 86.77 | OK | |
r-devel-linux-x86_64-debian-gcc | 1.1.2 | 4.83 | 59.70 | 64.53 | OK | |
r-devel-linux-x86_64-fedora-clang | 1.1.2 | 112.34 | NOTE | |||
r-devel-linux-x86_64-fedora-gcc | 1.1.2 | 111.94 | OK | |||
r-devel-windows-x86_64 | 1.1.2 | 8.00 | 89.00 | 97.00 | NOTE | |
r-patched-linux-x86_64 | 1.1.2 | 6.59 | 76.81 | 83.40 | OK | |
r-release-linux-x86_64 | 1.1.2 | 6.49 | 75.22 | 81.71 | OK | |
r-release-macos-arm64 | 1.1.2 | 41.00 | NOTE | |||
r-release-macos-x86_64 | 1.1.2 | 63.00 | NOTE | |||
r-release-windows-x86_64 | 1.1.2 | 8.00 | 88.00 | 96.00 | NOTE | |
r-oldrel-macos-arm64 | 1.1.2 | 43.00 | NOTE | |||
r-oldrel-macos-x86_64 | 1.1.2 | 144.00 | NOTE | |||
r-oldrel-windows-x86_64 | 1.1.2 | 9.00 | 102.00 | 111.00 | NOTE |
Version: 1.1.2
Check: installed package size
Result: NOTE
installed size is 7.4Mb
sub-directories of 1Mb or more:
extdata 5.8Mb
Flavors: r-devel-linux-x86_64-fedora-clang, r-devel-windows-x86_64, r-release-macos-arm64, r-release-macos-x86_64, r-release-windows-x86_64, r-oldrel-macos-arm64, r-oldrel-macos-x86_64, r-oldrel-windows-x86_64