Last updated on 2025-11-23 05:50:19 CET.
| Flavor | Version | Tinstall | Tcheck | Ttotal | Status | Flags |
|---|---|---|---|---|---|---|
| r-devel-linux-x86_64-debian-clang | 2.0.2 | 6.12 | 53.23 | 59.35 | NOTE | |
| r-devel-linux-x86_64-debian-gcc | 2.0.2 | 3.93 | 39.57 | 43.50 | NOTE | |
| r-devel-linux-x86_64-fedora-clang | 2.0.2 | 12.00 | 72.66 | 84.66 | OK | |
| r-devel-windows-x86_64 | 2.0.2 | 7.00 | 73.00 | 80.00 | OK | |
| r-patched-linux-x86_64 | 2.0.2 | 5.67 | 49.90 | 55.57 | OK | |
| r-release-linux-x86_64 | 2.0.2 | 5.01 | 49.50 | 54.51 | OK | |
| r-release-macos-arm64 | 2.0.2 | OK | ||||
| r-release-macos-x86_64 | 2.0.2 | 5.00 | 59.00 | 64.00 | OK | |
| r-release-windows-x86_64 | 2.0.2 | 7.00 | 73.00 | 80.00 | OK | |
| r-oldrel-macos-arm64 | 2.0.2 | OK | ||||
| r-oldrel-macos-x86_64 | 2.0.2 | 4.00 | 41.00 | 45.00 | OK | |
| r-oldrel-windows-x86_64 | 2.0.2 | 9.00 | 87.00 | 96.00 | OK |
Version: 2.0.2
Check: CRAN incoming feasibility
Result: NOTE
Maintainer: ‘"Stefan Rass, on behalf of the Austrian Institute of Technology" <stefan.rass@jku.at>’
No Authors@R field in DESCRIPTION.
Please add one, modifying
Authors@R: c(person(given = "Stefan",
family = "Rass",
role = "aut"),
person(given = "Sandra",
family = "Koenig",
role = "aut"),
person(given = "Ali",
family = "Alshawish",
role = "aut"),
person(given = "\"Stefan",
family = "Rass",
role = "cre"),
person(given = c("on", "behalf", "of", "the", "Austrian", "Institute", "of"),
family = "Technology\"",
role = "cre",
email = "stefan.rass@jku.at"))
as necessary.
Flavors: r-devel-linux-x86_64-debian-clang, r-devel-linux-x86_64-debian-gcc