Last updated on 2025-11-23 05:50:19 CET.
| Flavor | Version | Tinstall | Tcheck | Ttotal | Status | Flags |
|---|---|---|---|---|---|---|
| r-devel-linux-x86_64-debian-clang | 0.1.3 | 6.40 | 56.39 | 62.79 | NOTE | |
| r-devel-linux-x86_64-debian-gcc | 0.1.3 | 4.89 | 42.44 | 47.33 | NOTE | |
| r-devel-linux-x86_64-fedora-clang | 0.1.3 | 15.00 | 78.43 | 93.43 | OK | |
| r-devel-windows-x86_64 | 0.1.3 | 10.00 | 69.00 | 79.00 | OK | |
| r-patched-linux-x86_64 | 0.1.3 | 6.18 | 53.89 | 60.07 | OK | |
| r-release-linux-x86_64 | 0.1.3 | 5.84 | 53.82 | 59.66 | OK | |
| r-release-macos-arm64 | 0.1.3 | OK | ||||
| r-release-macos-x86_64 | 0.1.3 | 5.00 | 45.00 | 50.00 | OK | |
| r-release-windows-x86_64 | 0.1.3 | 8.00 | 85.00 | 93.00 | OK | |
| r-oldrel-macos-arm64 | 0.1.3 | OK | ||||
| r-oldrel-macos-x86_64 | 0.1.3 | 6.00 | 45.00 | 51.00 | OK | |
| r-oldrel-windows-x86_64 | 0.1.3 | 9.00 | 83.00 | 92.00 | OK |
Version: 0.1.3
Check: CRAN incoming feasibility
Result: NOTE
Maintainer: ‘Ran Zhao <Zhaoran@mail.sdu.edu.cn>’
The Description field contains
in He et al. (2023) <arXiv:2301.00360>.
Please refer to arXiv e-prints via their arXiv DOI <doi:10.48550/arXiv.YYMM.NNNNN>.
Flavors: r-devel-linux-x86_64-debian-clang, r-devel-linux-x86_64-debian-gcc