CRAN Package Check Results for Package ICBioMark

Last updated on 2025-11-23 05:50:19 CET.

Flavor Version Tinstall Tcheck Ttotal Status Flags
r-devel-linux-x86_64-debian-clang 0.1.4 9.79 54.63 64.42 NOTE
r-devel-linux-x86_64-debian-gcc 0.1.4 7.13 40.29 47.42 NOTE
r-devel-linux-x86_64-fedora-clang 0.1.4 19.00 72.80 91.80 NOTE
r-devel-windows-x86_64 0.1.4 15.00 73.00 88.00 NOTE
r-patched-linux-x86_64 0.1.4 9.90 50.34 60.24 NOTE
r-release-linux-x86_64 0.1.4 8.44 49.29 57.73 NOTE
r-release-macos-arm64 0.1.4 NOTE
r-release-macos-x86_64 0.1.4 11.00 59.00 70.00 NOTE
r-release-windows-x86_64 0.1.4 13.00 74.00 87.00 NOTE
r-oldrel-macos-arm64 0.1.4 NOTE
r-oldrel-macos-x86_64 0.1.4 17.00 41.00 58.00 NOTE
r-oldrel-windows-x86_64 0.1.4 17.00 93.00 110.00 NOTE

Check Details

Version: 0.1.4
Check: CRAN incoming feasibility
Result: NOTE Maintainer: ‘Jacob R. Bradley <cobrbradley@gmail.com>’ The Description field contains and Cannings (2021) <arXiv:2102.04296>. This package allows the user to Please refer to arXiv e-prints via their arXiv DOI <doi:10.48550/arXiv.YYMM.NNNNN>. Flavors: r-devel-linux-x86_64-debian-clang, r-devel-linux-x86_64-debian-gcc

Version: 0.1.4
Check: Rd files
Result: NOTE checkRd: (-1) get_p.Rd:29: Lost braces; missing escapes or markup? 29 | \item A numeric p_norm, giving the factor between p_{gs} and phi_{0gs} (see paper for details). | ^ checkRd: (-1) get_p.Rd:29: Lost braces; missing escapes or markup? 29 | \item A numeric p_norm, giving the factor between p_{gs} and phi_{0gs} (see paper for details). | ^ Flavors: r-devel-linux-x86_64-debian-clang, r-devel-linux-x86_64-debian-gcc, r-devel-linux-x86_64-fedora-clang, r-devel-windows-x86_64, r-patched-linux-x86_64, r-release-linux-x86_64, r-release-macos-arm64, r-release-macos-x86_64, r-release-windows-x86_64, r-oldrel-macos-arm64, r-oldrel-macos-x86_64, r-oldrel-windows-x86_64