Last updated on 2025-07-27 06:49:29 CEST.
Flavor | Version | Tinstall | Tcheck | Ttotal | Status | Flags |
---|---|---|---|---|---|---|
r-devel-linux-x86_64-debian-clang | 0.1.0 | 34.97 | 163.44 | 198.41 | NOTE | |
r-devel-linux-x86_64-debian-gcc | 0.1.1 | 24.37 | 117.82 | 142.19 | OK | |
r-devel-linux-x86_64-fedora-clang | 0.1.1 | 330.71 | OK | |||
r-devel-linux-x86_64-fedora-gcc | 0.1.1 | 305.45 | OK | |||
r-devel-windows-x86_64 | 0.1.1 | 44.00 | 185.00 | 229.00 | OK | |
r-patched-linux-x86_64 | 0.1.0 | 30.50 | 153.10 | 183.60 | NOTE | |
r-release-linux-x86_64 | 0.1.1 | 31.50 | 154.44 | 185.94 | OK | |
r-release-macos-arm64 | 0.1.0 | 73.00 | OK | |||
r-release-macos-x86_64 | 0.1.1 | 150.00 | OK | |||
r-release-windows-x86_64 | 0.1.1 | 41.00 | 169.00 | 210.00 | OK | |
r-oldrel-macos-arm64 | 0.1.0 | 73.00 | OK | |||
r-oldrel-macos-x86_64 | 0.1.1 | 148.00 | OK | |||
r-oldrel-windows-x86_64 | 0.1.1 | 62.00 | 226.00 | 288.00 | OK |
Version: 0.1.0
Check: CRAN incoming feasibility
Result: NOTE
Maintainer: ‘Aurore Archimbaud <aurore.archimbaud@live.fr>’
The Description field contains
K.and Ruiz-Gazen, A. (2022) <arXiv:2212.06108>.
Please refer to arXiv e-prints via their arXiv DOI <doi:10.48550/arXiv.YYMM.NNNNN>.
Flavor: r-devel-linux-x86_64-debian-clang
Version: 0.1.0
Check: Rd cross-references
Result: NOTE
Found the following Rd file(s) with Rd \link{} targets missing package
anchors:
ICSClust.Rd: ICS-S3
component_plot.Rd: ICS-S3
normal_crit.Rd: jarque.test, anscombe.test, bonett.test,
agostino.test
Please provide package anchors for all Rd \link{} targets not in the
package itself and the base packages.
Flavors: r-devel-linux-x86_64-debian-clang, r-patched-linux-x86_64