Last updated on 2024-07-03 18:57:38 CEST.
Flavor | Version | Tinstall | Tcheck | Ttotal | Status | Flags |
---|---|---|---|---|---|---|
r-devel-linux-x86_64-debian-clang | 1.0.0 | 6.61 | 56.25 | 62.86 | NOTE | |
r-devel-linux-x86_64-debian-gcc | 1.0.0 | 5.57 | 41.99 | 47.56 | NOTE | |
r-devel-linux-x86_64-fedora-clang | 1.0.0 | 81.57 | NOTE | |||
r-devel-linux-x86_64-fedora-gcc | 1.0.0 | 74.68 | NOTE | |||
r-devel-windows-x86_64 | 1.0.0 | 8.00 | 62.00 | 70.00 | NOTE | |
r-patched-linux-x86_64 | 1.0.0 | 5.62 | 53.63 | 59.25 | NOTE | |
r-release-linux-x86_64 | 1.0.0 | 6.30 | 51.99 | 58.29 | NOTE | |
r-release-macos-arm64 | 1.0.0 | 27.00 | NOTE | |||
r-release-macos-x86_64 | 1.0.0 | 38.00 | NOTE | |||
r-release-windows-x86_64 | 1.0.0 | 8.00 | 60.00 | 68.00 | NOTE | |
r-oldrel-macos-arm64 | 1.0.0 | 29.00 | NOTE | |||
r-oldrel-macos-x86_64 | 1.0.0 | 39.00 | NOTE | |||
r-oldrel-windows-x86_64 | 1.0.0 | 9.00 | 72.00 | 81.00 | NOTE |
Version: 1.0.0
Check: Rd files
Result: NOTE
checkRd: (-1) constrained.Rd:49: Escaped LaTeX specials: \&
Flavors: r-devel-linux-x86_64-debian-clang, r-devel-linux-x86_64-debian-gcc, r-devel-linux-x86_64-fedora-clang, r-devel-linux-x86_64-fedora-gcc, r-devel-windows-x86_64, r-patched-linux-x86_64, r-release-linux-x86_64, r-release-macos-arm64, r-release-macos-x86_64, r-release-windows-x86_64, r-oldrel-macos-arm64, r-oldrel-macos-x86_64, r-oldrel-windows-x86_64
Version: 1.0.0
Check: dependencies in R code
Result: NOTE
Namespaces in Imports field not imported from:
‘Rdpack’ ‘glmnet’
All declared Imports should be used.
Flavors: r-devel-linux-x86_64-fedora-clang, r-devel-linux-x86_64-fedora-gcc