Last updated on 2024-03-28 17:49:31 CET.
Flavor | Version | Tinstall | Tcheck | Ttotal | Status | Flags |
---|---|---|---|---|---|---|
r-devel-linux-x86_64-debian-clang | 2.4.6 | 10.13 | 68.18 | 78.31 | NOTE | |
r-devel-linux-x86_64-debian-gcc | 2.4.6 | 7.25 | 50.92 | 58.17 | NOTE | |
r-devel-linux-x86_64-fedora-clang | 2.4.6 | 98.14 | NOTE | |||
r-devel-linux-x86_64-fedora-gcc | 2.4.6 | 94.54 | NOTE | |||
r-devel-windows-x86_64 | 2.4.6 | 10.00 | 78.00 | 88.00 | NOTE | |
r-patched-linux-x86_64 | 2.4.6 | 14.36 | 65.78 | 80.14 | NOTE | |
r-release-linux-x86_64 | 2.4.6 | 9.36 | 65.71 | 75.07 | OK | |
r-release-macos-arm64 | 2.4.6 | 34.00 | OK | |||
r-release-macos-x86_64 | 2.4.6 | 65.00 | OK | |||
r-release-windows-x86_64 | 2.4.6 | 14.00 | 87.00 | 101.00 | OK | |
r-oldrel-macos-arm64 | 2.4.6 | 35.00 | OK | |||
r-oldrel-windows-x86_64 | 2.4.6 | 13.00 | 91.00 | 104.00 | OK |
Version: 2.4.6
Check: Rd files
Result: NOTE
checkRd: (-1) createBssUrl.Rd:28: Lost braces
28 | \code{constraint}{ a character string containing value constraints }
| ^
checkRd: (-1) createBssUrl.Rd:29: Lost braces
29 | \code{url}{ optional url of the BSS measurements service }
| ^
checkRd: (-1) getGeneralValueMetrics.Rd:28: Lost braces
28 | \code{constraint}{ a character string containing value constraints }
| ^
checkRd: (-1) getGeneralValueMetrics.Rd:29: Lost braces
29 | \code{url}{ optional url of the MUSTANG measurements service}
| ^
checkRd: (-1) getMustangMetrics.Rd:28: Lost braces
28 | \code{constraint}{ a character string containing value constraints }
| ^
checkRd: (-1) getMustangMetrics.Rd:29: Lost braces
29 | \code{url}{ optional url of the MUSTANG measurements service }
| ^
Flavors: r-devel-linux-x86_64-debian-clang, r-devel-linux-x86_64-debian-gcc, r-devel-linux-x86_64-fedora-clang, r-devel-linux-x86_64-fedora-gcc, r-devel-windows-x86_64, r-patched-linux-x86_64