CRAN Package Check Results for Package IgorR

Last updated on 2025-11-03 17:49:52 CET.

Flavor Version Tinstall Tcheck Ttotal Status Flags
r-devel-linux-x86_64-debian-clang 0.9.0 2.44 27.70 30.14 NOTE
r-devel-linux-x86_64-debian-gcc 0.9.0 1.62 21.96 23.58 NOTE
r-devel-linux-x86_64-fedora-clang 0.9.0 44.77 NOTE
r-devel-linux-x86_64-fedora-gcc 0.9.0 40.03 OK
r-devel-windows-x86_64 0.9.0 4.00 46.00 50.00 OK
r-patched-linux-x86_64 0.9.0 2.61 24.65 27.26 NOTE
r-release-linux-x86_64 0.9.0 2.37 24.44 26.81 NOTE
r-release-macos-arm64 0.9.0 1.00 17.00 18.00 OK
r-release-macos-x86_64 0.9.0 2.00 27.00 29.00 OK
r-release-windows-x86_64 0.9.0 5.00 44.00 49.00 OK
r-oldrel-macos-arm64 0.9.0 1.00 17.00 18.00 OK
r-oldrel-macos-x86_64 0.9.0 3.00 38.00 41.00 OK
r-oldrel-windows-x86_64 0.9.0 4.00 53.00 57.00 OK

Check Details

Version: 0.9.0
Check: R code for possible problems
Result: NOTE Found the following assignments to the global environment: File ‘IgorR/R/ReadIgorBinary.R’: assign(WaveName, rval, envir = .GlobalEnv) Flavors: r-devel-linux-x86_64-debian-clang, r-devel-linux-x86_64-debian-gcc, r-devel-linux-x86_64-fedora-clang, r-patched-linux-x86_64, r-release-linux-x86_64