Last updated on 2025-11-24 17:50:02 CET.
| Flavor | Version | Tinstall | Tcheck | Ttotal | Status | Flags |
|---|---|---|---|---|---|---|
| r-devel-linux-x86_64-debian-clang | 0.2.0 | 2.09 | 30.78 | 32.87 | NOTE | |
| r-devel-linux-x86_64-debian-gcc | 0.2.0 | 1.64 | 24.58 | 26.22 | NOTE | |
| r-devel-linux-x86_64-fedora-clang | 0.2.0 | 48.51 | OK | |||
| r-devel-linux-x86_64-fedora-gcc | 0.2.0 | 49.17 | OK | |||
| r-devel-windows-x86_64 | 0.2.0 | 4.00 | 65.00 | 69.00 | OK | |
| r-patched-linux-x86_64 | 0.2.0 | 2.17 | 29.24 | 31.41 | OK | |
| r-release-linux-x86_64 | 0.2.0 | 1.94 | 29.06 | 31.00 | OK | |
| r-release-macos-arm64 | 0.2.0 | OK | ||||
| r-release-macos-x86_64 | 0.2.0 | 2.00 | 32.00 | 34.00 | OK | |
| r-release-windows-x86_64 | 0.2.0 | 3.00 | 62.00 | 65.00 | OK | |
| r-oldrel-macos-arm64 | 0.2.0 | OK | ||||
| r-oldrel-macos-x86_64 | 0.2.0 | 2.00 | 27.00 | 29.00 | OK | |
| r-oldrel-windows-x86_64 | 0.2.0 | 4.00 | 56.00 | 60.00 | OK |
Version: 0.2.0
Check: CRAN incoming feasibility
Result: NOTE
Maintainer: ‘Daniel Grose <dan.grose@lancaster.ac.uk>’
No Authors@R field in DESCRIPTION.
Please add one, modifying
Authors@R: c(person(given = c("Thomas", "B."),
family = "Berrett",
role = "aut",
email = "t.berrett@statslab.cam.ac.uk"),
person(given = c("Daniel", "J."),
family = "Grose",
role = c("cre", "ctb"),
email = "dan.grose@lancaster.ac.uk"),
person(given = c("Richard", "J."),
family = "Samworth",
role = "aut",
email = "r.samworth@statslab.cam.ac.uk"))
as necessary.
Flavors: r-devel-linux-x86_64-debian-clang, r-devel-linux-x86_64-debian-gcc