Last updated on 2025-11-22 17:49:33 CET.
| Flavor | Version | Tinstall | Tcheck | Ttotal | Status | Flags |
|---|---|---|---|---|---|---|
| r-devel-linux-x86_64-debian-clang | 1.0 | 27.31 | 69.05 | 96.36 | WARN | |
| r-devel-linux-x86_64-debian-gcc | 1.0 | 18.80 | 53.06 | 71.86 | WARN | |
| r-devel-linux-x86_64-fedora-clang | 1.0 | 83.00 | 77.71 | 160.71 | NOTE | |
| r-devel-windows-x86_64 | 1.0 | 42.00 | 100.00 | 142.00 | NOTE | |
| r-patched-linux-x86_64 | 1.0 | 28.13 | 65.39 | 93.52 | NOTE | |
| r-release-linux-x86_64 | 1.0 | 27.87 | 66.10 | 93.97 | NOTE | |
| r-release-macos-arm64 | 1.0 | NOTE | ||||
| r-release-macos-x86_64 | 1.0 | 25.00 | 78.00 | 103.00 | NOTE | |
| r-release-windows-x86_64 | 1.0 | 35.00 | 105.00 | 140.00 | NOTE | |
| r-oldrel-macos-arm64 | 1.0 | NOTE | ||||
| r-oldrel-macos-x86_64 | 1.0 | 20.00 | 67.00 | 87.00 | NOTE | |
| r-oldrel-windows-x86_64 | 1.0 | 42.00 | 127.00 | 169.00 | NOTE |
Version: 1.0
Check: whether package can be installed
Result: WARN
Found the following significant warnings:
/home/hornik/tmp/R.check/r-devel-clang/Work/build/Packages/RcppArmadillo/include/RcppArmadillo/version/arma.h:66:17: warning: Using fallback compilation with Armadillo 14.6.3. Please consider defining -DARMA_USE_CURRENT and also removing C++11 compilation directive. See GitHub issue #475 for more. [-W#pragma-messages]
See ‘/home/hornik/tmp/R.check/r-devel-clang/Work/PKGS/JFM.Rcheck/00install.out’ for details.
* used C++ compiler: ‘Debian clang version 21.1.5 (1)’
Flavor: r-devel-linux-x86_64-debian-clang
Version: 1.0
Check: C++ specification
Result: NOTE
Specified C++11: please drop specification unless essential
Flavors: r-devel-linux-x86_64-debian-clang, r-devel-linux-x86_64-debian-gcc, r-devel-linux-x86_64-fedora-clang, r-devel-windows-x86_64, r-patched-linux-x86_64, r-release-linux-x86_64, r-release-macos-arm64, r-release-macos-x86_64, r-release-windows-x86_64, r-oldrel-macos-arm64, r-oldrel-macos-x86_64, r-oldrel-windows-x86_64
Version: 1.0
Check: whether package can be installed
Result: WARN
Found the following significant warnings:
/home/hornik/tmp/R.check/r-devel-gcc/Work/build/Packages/RcppArmadillo/include/RcppArmadillo/version/arma.h:66:199: note: ‘#pragma message: Using fallback compilation with Armadillo 14.6.3. Please consider defining -DARMA_USE_CURRENT and also removing C++11 compilation directive. See GitHub issue #475 for more.’
See ‘/home/hornik/tmp/R.check/r-devel-gcc/Work/PKGS/JFM.Rcheck/00install.out’ for details.
* used C++ compiler: ‘g++-15 (Debian 15.2.0-7) 15.2.0’
Flavor: r-devel-linux-x86_64-debian-gcc
Version: 1.0
Check: installed package size
Result: NOTE
installed size is 7.4Mb
sub-directories of 1Mb or more:
extdata 5.5Mb
libs 1.7Mb
Flavors: r-oldrel-macos-arm64, r-oldrel-macos-x86_64, r-oldrel-windows-x86_64