Last updated on 2024-05-21 06:59:28 CEST.
Flavor | Version | Tinstall | Tcheck | Ttotal | Status | Flags |
---|---|---|---|---|---|---|
r-devel-linux-x86_64-debian-clang | 1.0.3 | 611.12 | 170.49 | 781.61 | OK | |
r-devel-linux-x86_64-debian-gcc | 1.0.3 | 457.03 | 153.19 | 610.22 | OK | |
r-devel-linux-x86_64-fedora-clang | 1.0.3 | 1058.09 | OK | |||
r-devel-linux-x86_64-fedora-gcc | 1.0.3 | 1199.81 | OK | |||
r-devel-windows-x86_64 | 1.0.3 | 411.00 | 168.00 | 579.00 | OK | |
r-patched-linux-x86_64 | 1.0.3 | 573.33 | 202.51 | 775.84 | OK | |
r-release-linux-x86_64 | 1.0.3 | 537.59 | 199.40 | 736.99 | OK | |
r-release-macos-arm64 | 1.0.3 | 221.00 | NOTE | |||
r-release-macos-x86_64 | 1.0.3 | 240.00 | NOTE | |||
r-release-windows-x86_64 | 1.0.3 | 401.00 | 166.00 | 567.00 | OK | |
r-oldrel-macos-arm64 | 1.0.3 | 205.00 | NOTE | |||
r-oldrel-macos-x86_64 | 1.0.3 | 217.00 | NOTE | |||
r-oldrel-windows-x86_64 | 1.0.3 | 501.00 | 201.00 | 702.00 | OK |
Version: 1.0.3
Check: installed package size
Result: NOTE
installed size is 40.0Mb
sub-directories of 1Mb or more:
libs 39.5Mb
Flavors: r-release-macos-arm64, r-release-macos-x86_64, r-oldrel-macos-arm64, r-oldrel-macos-x86_64