Last updated on 2024-04-24 07:15:06 CEST.
Flavor | Version | Tinstall | Tcheck | Ttotal | Status | Flags |
---|---|---|---|---|---|---|
r-devel-linux-x86_64-debian-clang | 1.0.1 | 327.11 | 210.58 | 537.69 | OK | |
r-devel-linux-x86_64-debian-gcc | 1.0.1 | 237.47 | 154.74 | 392.21 | OK | |
r-devel-linux-x86_64-fedora-clang | 1.0.1 | 747.35 | OK | |||
r-devel-linux-x86_64-fedora-gcc | 1.0.1 | 736.12 | OK | |||
r-prerel-macos-arm64 | 1.0.1 | 146.00 | NOTE | |||
r-prerel-windows-x86_64 | 1.0.1 | 236.00 | 201.00 | 437.00 | OK | |
r-patched-linux-x86_64 | 1.0.1 | 303.31 | 206.92 | 510.23 | OK | |
r-release-linux-x86_64 | 1.0.1 | 298.60 | 217.09 | 515.69 | OK | |
r-release-macos-arm64 | 1.0.1 | 177.00 | NOTE | |||
r-release-macos-x86_64 | 1.0.1 | 309.00 | NOTE | |||
r-release-windows-x86_64 | 1.0.1 | 298.00 | 239.00 | 537.00 | OK | |
r-oldrel-macos-arm64 | 1.0.1 | 167.00 | NOTE | |||
r-oldrel-windows-x86_64 | 1.0.1 | 270.00 | 225.00 | 495.00 | OK |
Version: 1.0.1
Check: installed package size
Result: NOTE
installed size is 22.5Mb
sub-directories of 1Mb or more:
libs 22.0Mb
Flavors: r-prerel-macos-arm64, r-release-macos-arm64, r-release-macos-x86_64, r-oldrel-macos-arm64