Last updated on 2024-07-03 18:57:39 CEST.
Flavor | Version | Tinstall | Tcheck | Ttotal | Status | Flags |
---|---|---|---|---|---|---|
r-devel-linux-x86_64-debian-clang | 2.4 | 74.40 | 103.97 | 178.37 | OK | |
r-devel-linux-x86_64-debian-gcc | 2.4 | 53.15 | 78.71 | 131.86 | OK | |
r-devel-linux-x86_64-fedora-clang | 2.4 | 257.44 | OK | |||
r-devel-linux-x86_64-fedora-gcc | 2.4 | 253.66 | OK | |||
r-devel-windows-x86_64 | 2.4 | 66.00 | 122.00 | 188.00 | OK | |
r-patched-linux-x86_64 | 2.4 | 55.16 | 97.96 | 153.12 | OK | |
r-release-linux-x86_64 | 2.4 | 58.69 | 101.26 | 159.95 | OK | |
r-release-macos-arm64 | 2.4 | 62.00 | NOTE | |||
r-release-macos-x86_64 | 2.4 | 108.00 | NOTE | |||
r-release-windows-x86_64 | 2.4 | 64.00 | 121.00 | 185.00 | OK | |
r-oldrel-macos-arm64 | 2.4 | 72.00 | NOTE | |||
r-oldrel-macos-x86_64 | 2.4 | 125.00 | NOTE | |||
r-oldrel-windows-x86_64 | 2.4 | 78.00 | 142.00 | 220.00 | OK |
Version: 2.4
Check: installed package size
Result: NOTE
installed size is 6.7Mb
sub-directories of 1Mb or more:
data 1.6Mb
libs 3.9Mb
Flavors: r-release-macos-arm64, r-release-macos-x86_64, r-oldrel-macos-arm64, r-oldrel-macos-x86_64