Last updated on 2025-11-23 17:50:17 CET.
| Flavor | Version | Tinstall | Tcheck | Ttotal | Status | Flags |
|---|---|---|---|---|---|---|
| r-devel-linux-x86_64-debian-clang | 0.7-22 | 38.19 | 47.80 | 85.99 | NOTE | |
| r-devel-linux-x86_64-debian-gcc | 0.7-22 | 26.48 | 35.94 | 62.42 | NOTE | |
| r-devel-linux-x86_64-fedora-clang | 0.7-22 | 68.00 | 79.75 | 147.75 | OK | |
| r-devel-windows-x86_64 | 0.7-22 | 51.00 | 83.00 | 134.00 | OK | |
| r-patched-linux-x86_64 | 0.7-22 | 37.60 | 43.89 | 81.49 | OK | |
| r-release-linux-x86_64 | 0.7-22 | 41.28 | 43.80 | 85.08 | OK | |
| r-release-macos-arm64 | 0.7-22 | OK | ||||
| r-release-macos-x86_64 | 0.7-22 | 18.00 | 47.00 | 65.00 | OK | |
| r-release-windows-x86_64 | 0.7-22 | 47.00 | 108.00 | 155.00 | OK | |
| r-oldrel-macos-arm64 | 0.7-22 | OK | ||||
| r-oldrel-macos-x86_64 | 0.7-22 | 26.00 | 55.00 | 81.00 | OK | |
| r-oldrel-windows-x86_64 | 0.7-22 | 57.00 | 99.00 | 156.00 | OK |
Version: 0.7-22
Check: CRAN incoming feasibility
Result: NOTE
Maintainer: ‘Alexander Robitzsch <robitzsch@ipn.uni-kiel.de>’
No Authors@R field in DESCRIPTION.
Please add one, modifying
Authors@R: person(given = "Alexander",
family = "Robitzsch",
role = c("aut", "cre"),
email = "robitzsch@ipn.uni-kiel.de")
as necessary.
Flavors: r-devel-linux-x86_64-debian-clang, r-devel-linux-x86_64-debian-gcc