Last updated on 2024-07-03 18:57:39 CEST.
Flavor | Version | Tinstall | Tcheck | Ttotal | Status | Flags |
---|---|---|---|---|---|---|
r-devel-linux-x86_64-debian-clang | 1.1.3 | 62.64 | 80.65 | 143.29 | OK | |
r-devel-linux-x86_64-debian-gcc | 1.1.3 | 43.68 | 59.16 | 102.84 | OK | |
r-devel-linux-x86_64-fedora-clang | 1.1.3 | 204.14 | OK | |||
r-devel-linux-x86_64-fedora-gcc | 1.1.3 | 204.40 | OK | |||
r-devel-windows-x86_64 | 1.1.3 | 49.00 | 87.00 | 136.00 | OK | |
r-patched-linux-x86_64 | 1.1.3 | 51.78 | 75.96 | 127.74 | OK | |
r-release-linux-x86_64 | 1.1.3 | 51.08 | 76.58 | 127.66 | OK | |
r-release-macos-arm64 | 1.1.3 | 50.00 | NOTE | |||
r-release-macos-x86_64 | 1.1.3 | 83.00 | NOTE | |||
r-release-windows-x86_64 | 1.1.3 | 48.00 | 91.00 | 139.00 | OK | |
r-oldrel-macos-arm64 | 1.1.3 | 61.00 | NOTE | |||
r-oldrel-macos-x86_64 | 1.1.3 | 89.00 | NOTE | |||
r-oldrel-windows-x86_64 | 1.1.3 | 60.00 | 111.00 | 171.00 | OK |
Version: 1.1.3
Check: installed package size
Result: NOTE
installed size is 8.0Mb
sub-directories of 1Mb or more:
libs 7.6Mb
Flavors: r-release-macos-arm64, r-release-macos-x86_64, r-oldrel-macos-arm64, r-oldrel-macos-x86_64