Last updated on 2024-07-23 18:59:03 CEST.
Flavor | Version | Tinstall | Tcheck | Ttotal | Status | Flags |
---|---|---|---|---|---|---|
r-devel-linux-x86_64-debian-clang | 0.4.0 | 35.70 | 79.67 | 115.37 | OK | |
r-devel-linux-x86_64-debian-gcc | 0.4.0 | 31.77 | 55.98 | 87.75 | OK | |
r-devel-linux-x86_64-fedora-clang | 0.4.0 | 173.98 | OK | |||
r-devel-linux-x86_64-fedora-gcc | 0.4.0 | 156.57 | OK | |||
r-devel-windows-x86_64 | 0.4.0 | 39.00 | 188.00 | 227.00 | OK | |
r-patched-linux-x86_64 | 0.4.0 | 45.56 | 74.71 | 120.27 | OK | |
r-release-linux-x86_64 | 0.4.0 | 26.75 | 74.84 | 101.59 | OK | |
r-release-macos-arm64 | 0.4.0 | 84.00 | NOTE | |||
r-release-macos-x86_64 | 0.4.0 | 145.00 | NOTE | |||
r-release-windows-x86_64 | 0.4.0 | 42.00 | 194.00 | 236.00 | OK | |
r-oldrel-macos-arm64 | 0.4.0 | 88.00 | NOTE | |||
r-oldrel-macos-x86_64 | 0.4.0 | 288.00 | NOTE | |||
r-oldrel-windows-x86_64 | 0.4.0 | 45.00 | 250.00 | 295.00 | OK |
Version: 0.4.0
Check: installed package size
Result: NOTE
installed size is 6.1Mb
sub-directories of 1Mb or more:
libs 5.0Mb
Flavors: r-release-macos-arm64, r-release-macos-x86_64, r-oldrel-macos-arm64, r-oldrel-macos-x86_64