Last updated on 2024-05-13 06:52:10 CEST.
Flavor | Version | Tinstall | Tcheck | Ttotal | Status | Flags |
---|---|---|---|---|---|---|
r-devel-linux-x86_64-debian-clang | 1.4.0 | 15.46 | 240.96 | 256.42 | OK | |
r-devel-linux-x86_64-debian-gcc | 1.4.0 | 9.94 | 180.32 | 190.26 | OK | |
r-devel-linux-x86_64-fedora-clang | 1.4.0 | 313.11 | NOTE | |||
r-devel-linux-x86_64-fedora-gcc | 1.4.0 | 401.96 | NOTE | |||
r-devel-windows-x86_64 | 1.4.0 | 12.00 | 166.00 | 178.00 | OK | |
r-patched-linux-x86_64 | 1.4.0 | 16.83 | 243.78 | 260.61 | OK | |
r-release-linux-x86_64 | 1.4.0 | 7.75 | 249.44 | 257.19 | OK | |
r-release-macos-arm64 | 1.4.0 | 89.00 | OK | |||
r-release-macos-x86_64 | 1.4.0 | 211.00 | OK | |||
r-release-windows-x86_64 | 1.4.0 | 12.00 | 156.00 | 168.00 | OK | |
r-oldrel-macos-arm64 | 1.4.0 | 104.00 | OK | |||
r-oldrel-macos-x86_64 | 1.4.0 | 220.00 | OK | |||
r-oldrel-windows-x86_64 | 1.4.0 | 16.00 | 224.00 | 240.00 | OK |
Version: 1.4.0
Check: data for non-ASCII characters
Result: NOTE
Note: found 2096 marked UTF-8 strings
Flavors: r-devel-linux-x86_64-fedora-clang, r-devel-linux-x86_64-fedora-gcc