Last updated on 2024-04-18 06:57:45 CEST.
Flavor | Version | Tinstall | Tcheck | Ttotal | Status | Flags |
---|---|---|---|---|---|---|
r-devel-linux-x86_64-debian-clang | 0.8.4 | 121.80 | 49.28 | 171.08 | NOTE | |
r-devel-linux-x86_64-debian-gcc | 0.8.4 | 85.37 | 37.87 | 123.24 | NOTE | |
r-devel-linux-x86_64-fedora-clang | 0.8.4 | 257.84 | NOTE | |||
r-devel-linux-x86_64-fedora-gcc | 0.8.4 | 242.94 | NOTE | |||
r-prerel-macos-arm64 | 0.8.4 | 55.00 | NOTE | |||
r-prerel-windows-x86_64 | 0.8.4 | 86.00 | 92.00 | 178.00 | NOTE | |
r-patched-linux-x86_64 | 0.8.4 | 109.78 | 48.22 | 158.00 | NOTE | |
r-release-linux-x86_64 | 0.8.4 | 115.32 | 47.73 | 163.05 | OK | |
r-release-macos-arm64 | 0.8.4 | 57.00 | OK | |||
r-release-macos-x86_64 | 0.8.4 | 109.00 | OK | |||
r-release-windows-x86_64 | 0.8.4 | 86.00 | 96.00 | 182.00 | OK | |
r-oldrel-macos-arm64 | 0.8.4 | 49.00 | OK | |||
r-oldrel-windows-x86_64 | 0.8.4 | 105.00 | 97.00 | 202.00 | OK |
Version: 0.8.4
Check: Rd files
Result: NOTE
checkRd: (-1) laf_open.Rd:10: Lost braces; missing escapes or markup?
10 | \item{model}{a {data model}, such as one returned by \link{read_dm} or
| ^
Flavors: r-devel-linux-x86_64-debian-clang, r-devel-linux-x86_64-debian-gcc, r-devel-linux-x86_64-fedora-clang, r-devel-linux-x86_64-fedora-gcc, r-prerel-macos-arm64, r-prerel-windows-x86_64, r-patched-linux-x86_64