Last updated on 2025-11-04 05:51:15 CET.
| Flavor | Version | Tinstall | Tcheck | Ttotal | Status | Flags | 
|---|---|---|---|---|---|---|
| r-devel-linux-x86_64-debian-clang | 0.8.3 | 10.57 | 30.60 | 41.17 | NOTE | |
| r-devel-linux-x86_64-debian-gcc | 0.8.3 | 7.42 | 23.73 | 31.15 | NOTE | |
| r-devel-linux-x86_64-fedora-clang | 0.8.3 | 55.00 | 17.42 | 72.42 | NOTE | |
| r-devel-linux-x86_64-fedora-gcc | 0.8.3 | 27.00 | 35.00 | 62.00 | NOTE | |
| r-devel-windows-x86_64 | 0.8.3 | 14.00 | 67.00 | 81.00 | OK | |
| r-patched-linux-x86_64 | 0.8.3 | 10.29 | 28.49 | 38.78 | OK | |
| r-release-linux-x86_64 | 0.8.3 | 10.86 | 28.64 | 39.50 | OK | |
| r-release-macos-arm64 | 0.8.3 | 5.00 | 18.00 | 23.00 | OK | |
| r-release-macos-x86_64 | 0.8.3 | 8.00 | 31.00 | 39.00 | OK | |
| r-release-windows-x86_64 | 0.8.3 | 13.00 | 65.00 | 78.00 | OK | |
| r-oldrel-macos-arm64 | 0.8.3 | 6.00 | 18.00 | 24.00 | OK | |
| r-oldrel-macos-x86_64 | 0.8.3 | 7.00 | 25.00 | 32.00 | OK | |
| r-oldrel-windows-x86_64 | 0.8.3 | 13.00 | 83.00 | 96.00 | OK | 
Version: 0.8.3
Check: CRAN incoming feasibility
Result: NOTE
  Maintainer: ‘Jonas Striaukas <jonas.striaukas@gmail.com>’
  
  No Authors@R field in DESCRIPTION.
  Please add one, modifying
    Authors@R: c(person(given = "Jonas",
                        family = "Striaukas",
                        role = c("aut", "trl", "cre"),
                        email = "jonas.striaukas@gmail.com"),
                 person(given = "Matthias",
                        family = "Weber",
                        role = "aut"))
  as necessary.
Flavors: r-devel-linux-x86_64-debian-clang, r-devel-linux-x86_64-debian-gcc
Version: 0.8.3
Check: compiled code
Result: NOTE
  File ‘LassoNet/libs/LassoNet.so’:
    Found no calls to: ‘R_registerRoutines’, ‘R_useDynamicSymbols’
  
  It is good practice to register native routines and to disable symbol
  search.
  
  See ‘Writing portable packages’ in the ‘Writing R Extensions’ manual.
Flavors: r-devel-linux-x86_64-fedora-clang, r-devel-linux-x86_64-fedora-gcc