Last updated on 2024-03-28 17:49:32 CET.
Flavor | Version | Tinstall | Tcheck | Ttotal | Status | Flags |
---|---|---|---|---|---|---|
r-devel-linux-x86_64-debian-clang | 8.4 | 12.10 | 371.05 | 383.15 | NOTE | |
r-devel-linux-x86_64-debian-gcc | 8.4 | 10.10 | 309.92 | 320.02 | NOTE | |
r-devel-linux-x86_64-fedora-clang | 8.4 | 460.48 | NOTE | |||
r-devel-linux-x86_64-fedora-gcc | 8.4 | 451.85 | NOTE | |||
r-devel-windows-x86_64 | 8.4 | 14.00 | 75.00 | 89.00 | NOTE | --no-examples --no-tests --no-vignettes |
r-patched-linux-x86_64 | 8.4 | 16.89 | 380.72 | 397.61 | NOTE | |
r-release-linux-x86_64 | 8.4 | 10.98 | 354.63 | 365.61 | NOTE | |
r-release-macos-arm64 | 8.4 | 223.00 | NOTE | |||
r-release-macos-x86_64 | 8.4 | 330.00 | NOTE | |||
r-release-windows-x86_64 | 8.4 | 18.00 | 69.00 | 87.00 | NOTE | --no-examples --no-tests --no-vignettes |
r-oldrel-macos-arm64 | 8.4 | 213.00 | OK | |||
r-oldrel-windows-x86_64 | 8.4 | 18.00 | 74.00 | 92.00 | OK | --no-examples --no-tests --no-vignettes |
Version: 8.4
Check: Rd files
Result: NOTE
checkRd: (-1) LKrig.MLE.Rd:114: Escaped LaTeX specials: \$ \$
checkRd: (-1) LKrig.MLE.Rd:115: Escaped LaTeX specials: \$
checkRd: (-1) VignetteExamples.Rd:25: Lost braces; missing escapes or markup?
25 | See Section 4 in the {LatticeKrig Vignette} for the use of these data.
| ^
Flavors: r-devel-linux-x86_64-debian-clang, r-devel-linux-x86_64-debian-gcc, r-devel-linux-x86_64-fedora-clang, r-devel-linux-x86_64-fedora-gcc, r-patched-linux-x86_64
Version: 8.4
Flags: --no-examples --no-tests --no-vignettes
Check: Rd files
Result: NOTE
checkRd: (-1) LKrig.MLE.Rd:114: Escaped LaTeX specials: \$ \$
checkRd: (-1) LKrig.MLE.Rd:115: Escaped LaTeX specials: \$
checkRd: (-1) VignetteExamples.Rd:25: Lost braces; missing escapes or markup?
25 | See Section 4 in the {LatticeKrig Vignette} for the use of these data.
| ^
Flavor: r-devel-windows-x86_64
Version: 8.4
Check: Rd files
Result: NOTE
checkRd: (-1) LKrig.MLE.Rd:114: Escaped LaTeX specials: \$ \$
checkRd: (-1) LKrig.MLE.Rd:115: Escaped LaTeX specials: \$
Flavors: r-release-linux-x86_64, r-release-macos-arm64, r-release-macos-x86_64
Version: 8.4
Flags: --no-examples --no-tests --no-vignettes
Check: Rd files
Result: NOTE
checkRd: (-1) LKrig.MLE.Rd:114: Escaped LaTeX specials: \$ \$
checkRd: (-1) LKrig.MLE.Rd:115: Escaped LaTeX specials: \$
Flavor: r-release-windows-x86_64