Last updated on 2024-07-03 18:57:39 CEST.
Flavor | Version | Tinstall | Tcheck | Ttotal | Status | Flags |
---|---|---|---|---|---|---|
r-devel-linux-x86_64-debian-clang | 1.7 | 6.48 | 37.55 | 44.03 | NOTE | |
r-devel-linux-x86_64-debian-gcc | 1.7 | 4.96 | 28.34 | 33.30 | NOTE | |
r-devel-linux-x86_64-fedora-clang | 1.7 | 53.67 | NOTE | |||
r-devel-linux-x86_64-fedora-gcc | 1.7 | 52.21 | NOTE | |||
r-devel-windows-x86_64 | 1.7 | 9.00 | 58.00 | 67.00 | NOTE | |
r-patched-linux-x86_64 | 1.7 | 5.41 | 35.49 | 40.90 | NOTE | |
r-release-linux-x86_64 | 1.7 | 5.75 | 36.73 | 42.48 | NOTE | |
r-release-macos-arm64 | 1.7 | 24.00 | NOTE | |||
r-release-macos-x86_64 | 1.7 | 30.00 | NOTE | |||
r-release-windows-x86_64 | 1.7 | 10.00 | 61.00 | 71.00 | NOTE | |
r-oldrel-macos-arm64 | 1.7 | 26.00 | NOTE | |||
r-oldrel-macos-x86_64 | 1.7 | 33.00 | NOTE | |||
r-oldrel-windows-x86_64 | 1.7 | 12.00 | 67.00 | 79.00 | NOTE |
Version: 1.7
Check: Rd files
Result: NOTE
checkRd: (-1) isingdata.Rd:14: Lost braces; missing escapes or markup?
14 | \item{X}{a 5000-by-100 matrix, each entry is in {-1,1}.}
| ^
checkRd: (-1) predict.lb.Rd:16: Escaped LaTeX specials: \$
Flavors: r-devel-linux-x86_64-debian-clang, r-devel-linux-x86_64-debian-gcc, r-devel-linux-x86_64-fedora-clang, r-devel-linux-x86_64-fedora-gcc, r-devel-windows-x86_64, r-patched-linux-x86_64, r-release-linux-x86_64, r-release-macos-arm64, r-release-macos-x86_64, r-release-windows-x86_64
Version: 1.7
Check: Rd files
Result: NOTE
checkRd: (-1) predict.lb.Rd:16: Escaped LaTeX specials: \$
Flavors: r-oldrel-macos-arm64, r-oldrel-macos-x86_64, r-oldrel-windows-x86_64